Last updated on 2025-10-24 09:49:55 CEST.
| Flavor | Version | Tinstall | Tcheck | Ttotal | Status | Flags |
|---|---|---|---|---|---|---|
| r-devel-linux-x86_64-debian-clang | 1.1 | 2.17 | 21.61 | 23.78 | NOTE | |
| r-devel-linux-x86_64-debian-gcc | 1.1 | 1.71 | 15.66 | 17.37 | NOTE | |
| r-devel-linux-x86_64-fedora-clang | 1.1 | 38.33 | OK | |||
| r-devel-linux-x86_64-fedora-gcc | 1.1 | 34.35 | OK | |||
| r-devel-windows-x86_64 | 1.1 | 4.00 | 54.00 | 58.00 | OK | |
| r-patched-linux-x86_64 | 1.1 | 1.90 | 21.27 | 23.17 | OK | |
| r-release-linux-x86_64 | 1.1 | 2.28 | 20.82 | 23.10 | OK | |
| r-release-macos-arm64 | 1.1 | 1.00 | 13.00 | 14.00 | OK | |
| r-release-macos-x86_64 | 1.1 | 2.00 | 22.00 | 24.00 | OK | |
| r-release-windows-x86_64 | 1.1 | 5.00 | 54.00 | 59.00 | OK | |
| r-oldrel-macos-arm64 | 1.1 | 1.00 | 17.00 | 18.00 | OK | |
| r-oldrel-macos-x86_64 | 1.1 | 2.00 | 20.00 | 22.00 | OK | |
| r-oldrel-windows-x86_64 | 1.1 | 5.00 | 53.00 | 58.00 | OK |
Version: 1.1
Check: CRAN incoming feasibility
Result: NOTE
Maintainer: ‘Daniel Amorese <amorese@ipgp.fr>’
No Authors@R field in DESCRIPTION.
Please add one, modifying
Authors@R: person(given = "Daniel",
family = "Amorese",
role = c("aut", "cre"),
email = "amorese@ipgp.fr")
as necessary.
Flavors: r-devel-linux-x86_64-debian-clang, r-devel-linux-x86_64-debian-gcc