Last updated on 2025-10-09 09:50:17 CEST.
Flavor | Version | Tinstall | Tcheck | Ttotal | Status | Flags |
---|---|---|---|---|---|---|
r-devel-linux-x86_64-debian-clang | 1.6.1 | 9.16 | 79.46 | 88.62 | NOTE | |
r-devel-linux-x86_64-debian-gcc | 1.6.1 | 6.79 | 58.85 | 65.64 | NOTE | |
r-devel-linux-x86_64-fedora-clang | 1.6.1 | 133.97 | OK | |||
r-devel-linux-x86_64-fedora-gcc | 1.6.1 | 133.34 | OK | |||
r-devel-windows-x86_64 | 1.6.1 | 10.00 | 94.00 | 104.00 | OK | |
r-patched-linux-x86_64 | 1.6.1 | 10.81 | 76.55 | 87.36 | OK | |
r-release-linux-x86_64 | 1.6.1 | 8.33 | 76.27 | 84.60 | OK | |
r-release-macos-arm64 | 1.6.1 | 42.00 | OK | |||
r-release-macos-x86_64 | 1.6.1 | 86.00 | OK | |||
r-release-windows-x86_64 | 1.6.1 | 10.00 | 93.00 | 103.00 | OK | |
r-oldrel-macos-arm64 | 1.6.1 | 40.00 | OK | |||
r-oldrel-macos-x86_64 | 1.6.1 | 75.00 | OK | |||
r-oldrel-windows-x86_64 | 1.6.1 | 14.00 | 110.00 | 124.00 | OK |
Version: 1.6.1
Check: CRAN incoming feasibility
Result: NOTE
Maintainer: ‘Gideon Bradburd <bradburd@umich.edu>’
No Authors@R field in DESCRIPTION.
Please add one, modifying
Authors@R: person(given = "Gideon",
family = "Bradburd",
role = c("aut", "cre"),
email = "bradburd@umich.edu")
as necessary.
Flavors: r-devel-linux-x86_64-debian-clang, r-devel-linux-x86_64-debian-gcc