Last updated on 2025-10-24 09:49:57 CEST.
| Flavor | Version | Tinstall | Tcheck | Ttotal | Status | Flags |
|---|---|---|---|---|---|---|
| r-devel-linux-x86_64-debian-clang | 0.1.0 | 2.23 | 30.10 | 32.33 | NOTE | |
| r-devel-linux-x86_64-debian-gcc | 0.1.0 | 1.74 | 23.04 | 24.78 | OK | |
| r-devel-linux-x86_64-fedora-clang | 0.1.0 | 49.31 | OK | |||
| r-devel-linux-x86_64-fedora-gcc | 0.1.0 | 61.00 | OK | |||
| r-devel-windows-x86_64 | 0.1.0 | 4.00 | 49.00 | 53.00 | OK | |
| r-patched-linux-x86_64 | 0.1.0 | 2.50 | 28.23 | 30.73 | OK | |
| r-release-linux-x86_64 | 0.1.0 | 1.84 | 27.92 | 29.76 | OK | |
| r-release-macos-arm64 | 0.1.0 | 1.00 | 24.00 | 25.00 | OK | |
| r-release-macos-x86_64 | 0.1.0 | 2.00 | 45.00 | 47.00 | OK | |
| r-release-windows-x86_64 | 0.1.0 | 3.00 | 56.00 | 59.00 | OK | |
| r-oldrel-macos-arm64 | 0.1.0 | 1.00 | 26.00 | 27.00 | OK | |
| r-oldrel-macos-x86_64 | 0.1.0 | 2.00 | 57.00 | 59.00 | OK | |
| r-oldrel-windows-x86_64 | 0.1.0 | 5.00 | 58.00 | 63.00 | OK |
Version: 0.1.0
Check: HTML version of manual
Result: NOTE
Found the following HTML validation problems:
A_sampling.html:85:1 (A_sampling.Rd:30): Warning: missing </ul> before </div>
C_sampling_cluster.html:88:1 (C_sampling_cluster.Rd:31): Warning: missing </ul> before </div>
X_sampling.html:84:1 (X_sampling.Rd:29): Warning: missing </ul> before </div>
baseline_sampling.html:84:1 (baseline_sampling.Rd:29): Warning: missing </ul> before </div>
sigmanoise_sampling.html:88:1 (sigmanoise_sampling.Rd:31): Warning: missing </ul> before </div>
Flavor: r-devel-linux-x86_64-debian-clang