Last updated on 2025-10-25 09:49:24 CEST.
| Flavor | Version | Tinstall | Tcheck | Ttotal | Status | Flags |
|---|---|---|---|---|---|---|
| r-devel-linux-x86_64-debian-clang | 2.2.5 | 234.95 | 217.30 | 452.25 | OK | |
| r-devel-linux-x86_64-debian-gcc | 2.2.5 | 139.48 | 141.47 | 280.95 | OK | |
| r-devel-linux-x86_64-fedora-clang | 2.2.5 | 391.00 | 433.54 | 824.54 | OK | |
| r-devel-linux-x86_64-fedora-gcc | 2.2.5 | 585.00 | 194.55 | 779.55 | OK | |
| r-devel-windows-x86_64 | 2.2.5 | 263.00 | 259.00 | 522.00 | OK | |
| r-patched-linux-x86_64 | 2.2.5 | 222.65 | 199.60 | 422.25 | OK | |
| r-release-linux-x86_64 | 2.2.5 | 223.86 | 198.55 | 422.41 | OK | |
| r-release-macos-arm64 | 2.2.5 | 76.00 | 93.00 | 169.00 | OK | |
| r-release-macos-x86_64 | 2.2.5 | 61.00 | 184.00 | 245.00 | OK | |
| r-release-windows-x86_64 | 2.2.5 | 272.00 | 256.00 | 528.00 | OK | |
| r-oldrel-macos-arm64 | 2.2.5 | 81.00 | 134.00 | 215.00 | NOTE | |
| r-oldrel-macos-x86_64 | 2.2.5 | 62.00 | 184.00 | 246.00 | NOTE | |
| r-oldrel-windows-x86_64 | 2.2.5 | 301.00 | 320.00 | 621.00 | NOTE |
Version: 2.2.5
Check: installed package size
Result: NOTE
installed size is 14.0Mb
sub-directories of 1Mb or more:
doc 2.7Mb
libs 10.4Mb
Flavors: r-oldrel-macos-arm64, r-oldrel-macos-x86_64, r-oldrel-windows-x86_64