Last updated on 2025-10-25 09:49:24 CEST.
| Flavor | Version | Tinstall | Tcheck | Ttotal | Status | Flags |
|---|---|---|---|---|---|---|
| r-devel-linux-x86_64-debian-clang | 0.2.0 | 5.80 | 36.54 | 42.34 | NOTE | |
| r-devel-linux-x86_64-debian-gcc | 0.2.0 | 3.87 | 25.51 | 29.38 | NOTE | |
| r-devel-linux-x86_64-fedora-clang | 0.2.0 | 13.00 | 54.45 | 67.45 | OK | |
| r-devel-linux-x86_64-fedora-gcc | 0.2.0 | 14.00 | 48.43 | 62.43 | OK | |
| r-devel-windows-x86_64 | 0.2.0 | 7.00 | 48.00 | 55.00 | OK | |
| r-patched-linux-x86_64 | 0.2.0 | 6.19 | 33.79 | 39.98 | OK | |
| r-release-linux-x86_64 | 0.2.0 | 5.98 | 33.43 | 39.41 | OK | |
| r-release-macos-arm64 | 0.2.0 | 3.00 | 18.00 | 21.00 | OK | |
| r-release-macos-x86_64 | 0.2.0 | 5.00 | 31.00 | 36.00 | OK | |
| r-release-windows-x86_64 | 0.2.0 | 8.00 | 51.00 | 59.00 | OK | |
| r-oldrel-macos-arm64 | 0.2.0 | 2.00 | 18.00 | 20.00 | OK | |
| r-oldrel-macos-x86_64 | 0.2.0 | 4.00 | 26.00 | 30.00 | OK | |
| r-oldrel-windows-x86_64 | 0.2.0 | 10.00 | 61.00 | 71.00 | OK |
Version: 0.2.0
Check: CRAN incoming feasibility
Result: NOTE
Maintainer: ‘Chris Aberson <cla18@humboldt.edu>’
No Authors@R field in DESCRIPTION.
Please add one, modifying
Authors@R: person(given = "Chris",
family = "Aberson",
role = c("aut", "cre"),
email = "cla18@humboldt.edu")
as necessary.
Flavors: r-devel-linux-x86_64-debian-clang, r-devel-linux-x86_64-debian-gcc