Last updated on 2025-10-30 08:51:11 CET.
| Flavor | Version | Tinstall | Tcheck | Ttotal | Status | Flags | 
|---|---|---|---|---|---|---|
| r-devel-linux-x86_64-debian-clang | 4.5.1 | 8.18 | 36.90 | 45.08 | NOTE | |
| r-devel-linux-x86_64-debian-gcc | 4.5.1 | 4.93 | 26.05 | 30.98 | NOTE | |
| r-devel-linux-x86_64-fedora-clang | 4.5.1 | 18.00 | 51.41 | 69.41 | OK | |
| r-devel-linux-x86_64-fedora-gcc | 4.5.1 | 17.00 | 49.79 | 66.79 | OK | |
| r-devel-windows-x86_64 | 4.5.1 | 8.00 | 47.00 | 55.00 | OK | |
| r-patched-linux-x86_64 | 4.5.1 | 7.68 | 35.58 | 43.26 | OK | |
| r-release-linux-x86_64 | 4.5.1 | 8.14 | 35.40 | 43.54 | OK | |
| r-release-macos-arm64 | 4.5.1 | 4.00 | 20.00 | 24.00 | OK | |
| r-release-macos-x86_64 | 4.5.1 | 15.00 | 48.00 | 63.00 | OK | |
| r-release-windows-x86_64 | 4.5.1 | 8.00 | 47.00 | 55.00 | OK | |
| r-oldrel-macos-arm64 | 4.5.1 | 4.00 | 24.00 | 28.00 | OK | |
| r-oldrel-macos-x86_64 | 4.5.1 | 9.00 | 26.00 | 35.00 | OK | |
| r-oldrel-windows-x86_64 | 4.5.1 | 8.00 | 47.00 | 55.00 | OK | 
Version: 4.5.1
Check: CRAN incoming feasibility
Result: NOTE
  Maintainer: ‘LiLin-Yin <ylilin@163.com>’
  
  No Authors@R field in DESCRIPTION.
  Please add one, modifying
    Authors@R: person(family = "LiLin-Yin",
                      role = c("aut", "cre"),
                      email = "ylilin@163.com")
  as necessary.
  
  The BugReports field in DESCRIPTION has
    https://github.com/YinLiLin/CMplot/issues/new
  which should likely be
    https://github.com/YinLiLin/CMplot/issues/new/issues
  instead.
Flavors: r-devel-linux-x86_64-debian-clang, r-devel-linux-x86_64-debian-gcc