Last updated on 2025-10-22 09:50:29 CEST.
Flavor | Version | Tinstall | Tcheck | Ttotal | Status | Flags |
---|---|---|---|---|---|---|
r-devel-linux-x86_64-debian-clang | 1.2 | 2.94 | 43.01 | 45.95 | NOTE | |
r-devel-linux-x86_64-debian-gcc | 1.2 | 2.23 | 30.30 | 32.53 | NOTE | |
r-devel-linux-x86_64-fedora-clang | 1.2 | 70.77 | OK | |||
r-devel-linux-x86_64-fedora-gcc | 1.2 | 14.00 | 57.80 | 71.80 | OK | |
r-devel-windows-x86_64 | 1.2 | 5.00 | 58.00 | 63.00 | OK | |
r-patched-linux-x86_64 | 1.2 | 2.82 | 40.87 | 43.69 | OK | |
r-release-linux-x86_64 | 1.2 | 3.44 | 40.52 | 43.96 | OK | |
r-release-macos-arm64 | 1.2 | 2.00 | 21.00 | 23.00 | OK | |
r-release-macos-x86_64 | 1.2 | 3.00 | 35.00 | 38.00 | OK | |
r-release-windows-x86_64 | 1.2 | 4.00 | 62.00 | 66.00 | OK | |
r-oldrel-macos-arm64 | 1.2 | 1.00 | 24.00 | 25.00 | OK | |
r-oldrel-macos-x86_64 | 1.2 | 2.00 | 39.00 | 41.00 | OK | |
r-oldrel-windows-x86_64 | 1.2 | 5.00 | 71.00 | 76.00 | OK |
Version: 1.2
Check: HTML version of manual
Result: NOTE
Found the following HTML validation problems:
bootvar.html:53:1 (bootvar.Rd:15): Warning: missing </ul> before </div>
getnnsvar.html:51:1 (getnnsvar.Rd:13): Warning: missing </ul> before </div>
mixedVarSim.html:56:1 (mixedVarSim.Rd:12): Warning: missing </ul> before </div>
print.clustab.html:51:1 (print.clustab.Rd:12): Warning: missing </ul> before </div>
print.clustvar.html:53:1 (print.clustvar.Rd:13): Warning: missing </ul> before </div>
print.hclustvar.html:51:1 (print.hclustvar.Rd:12): Warning: missing </ul> before </div>
Flavors: r-devel-linux-x86_64-debian-clang, r-devel-linux-x86_64-debian-gcc