Last updated on 2025-11-01 08:49:41 CET.
| Flavor | Version | Tinstall | Tcheck | Ttotal | Status | Flags |
|---|---|---|---|---|---|---|
| r-devel-linux-x86_64-debian-clang | 3.5.8 | 105.69 | 163.18 | 268.87 | OK | |
| r-devel-linux-x86_64-debian-gcc | 3.5.8 | 66.82 | 117.85 | 184.67 | OK | |
| r-devel-linux-x86_64-fedora-clang | 3.5.8 | 585.00 | -80.54 | 504.46 | OK | |
| r-devel-linux-x86_64-fedora-gcc | 3.5.8 | 166.00 | 266.06 | 432.06 | OK | |
| r-devel-windows-x86_64 | 3.5.8 | 121.00 | 218.00 | 339.00 | OK | |
| r-patched-linux-x86_64 | 3.5.8 | 98.86 | 154.53 | 253.39 | OK | |
| r-release-linux-x86_64 | 3.5.8 | 99.52 | 155.59 | 255.11 | OK | |
| r-release-macos-arm64 | 3.5.8 | 40.00 | 80.00 | 120.00 | OK | |
| r-release-macos-x86_64 | 3.5.8 | 39.00 | 148.00 | 187.00 | OK | |
| r-release-windows-x86_64 | 3.5.8 | 118.00 | 229.00 | 347.00 | OK | |
| r-oldrel-macos-arm64 | 3.5.8 | 39.00 | 73.00 | 112.00 | NOTE | |
| r-oldrel-macos-x86_64 | 3.5.8 | 34.00 | 107.00 | 141.00 | NOTE | |
| r-oldrel-windows-x86_64 | 3.5.8 | 144.00 | 261.00 | 405.00 | OK |
Version: 3.5.8
Check: installed package size
Result: NOTE
installed size is 8.3Mb
sub-directories of 1Mb or more:
doc 1.9Mb
libs 5.3Mb
Flavors: r-oldrel-macos-arm64, r-oldrel-macos-x86_64