Last updated on 2025-10-22 09:50:30 CEST.
Flavor | Version | Tinstall | Tcheck | Ttotal | Status | Flags |
---|---|---|---|---|---|---|
r-devel-linux-x86_64-debian-clang | 2.70 | 5.28 | 73.61 | 78.89 | NOTE | |
r-devel-linux-x86_64-debian-gcc | 2.70 | 3.41 | 70.35 | 73.76 | NOTE | |
r-devel-linux-x86_64-fedora-clang | 2.70 | 13.00 | 99.34 | 112.34 | OK | |
r-devel-linux-x86_64-fedora-gcc | 2.70 | 11.00 | 119.86 | 130.86 | OK | |
r-devel-windows-x86_64 | 2.70 | 6.00 | 95.00 | 101.00 | OK | |
r-patched-linux-x86_64 | 2.70 | 6.02 | 72.98 | 79.00 | OK | |
r-release-linux-x86_64 | 2.70 | 4.35 | 71.42 | 75.77 | OK | |
r-release-macos-arm64 | 2.70 | 3.00 | 53.00 | 56.00 | OK | |
r-release-macos-x86_64 | 2.70 | 5.00 | 86.00 | 91.00 | OK | |
r-release-windows-x86_64 | 2.70 | 6.00 | 97.00 | 103.00 | OK | |
r-oldrel-macos-arm64 | 2.70 | 3.00 | 55.00 | 58.00 | OK | |
r-oldrel-macos-x86_64 | 2.70 | 8.00 | 101.00 | 109.00 | OK | |
r-oldrel-windows-x86_64 | 2.70 | 8.00 | 113.00 | 121.00 | OK |
Version: 2.70
Check: CRAN incoming feasibility
Result: NOTE
Maintainer: ‘R Barfield <barfieldrichard8@gmail.com>’
No Authors@R field in DESCRIPTION.
Please add one, modifying
Authors@R: c(person(family = "Barfield",
role = "aut"),
person(family = "R.",
role = "aut"),
person(family = "Conneely",
role = "aut"),
person(family = "K.",
role = "aut"),
person(family = "Kilaru,V",
role = "aut"),
person(given = "R",
family = "Barfield",
role = "cre",
email = "barfieldrichard8@gmail.com"))
as necessary.
Flavors: r-devel-linux-x86_64-debian-clang, r-devel-linux-x86_64-debian-gcc