Last updated on 2025-10-31 08:50:10 CET.
| Flavor | Version | Tinstall | Tcheck | Ttotal | Status | Flags | 
|---|---|---|---|---|---|---|
| r-devel-linux-x86_64-debian-gcc | 0.1.2 | 32.28 | 129.88 | 162.16 | OK | |
| r-devel-linux-x86_64-fedora-clang | 0.1.2 | 208.00 | 242.51 | 450.51 | OK | |
| r-devel-linux-x86_64-fedora-gcc | 0.1.2 | 87.00 | 322.24 | 409.24 | OK | |
| r-patched-linux-x86_64 | 0.1.2 | 45.75 | 202.21 | 247.96 | OK | |
| r-release-macos-arm64 | 0.1.2 | 19.00 | 72.00 | 91.00 | OK | |
| r-release-macos-x86_64 | 0.1.2 | 66.00 | 268.00 | 334.00 | OK | |
| r-release-windows-x86_64 | 0.1.2 | 41.00 | 209.00 | 250.00 | OK | |
| r-oldrel-macos-arm64 | 0.1.2 | 20.00 | 72.00 | 92.00 | NOTE | |
| r-oldrel-macos-x86_64 | 0.1.2 | 91.00 | 266.00 | 357.00 | NOTE | 
Version: 0.1.2
Check: installed package size
Result: NOTE
    installed size is  7.8Mb
    sub-directories of 1Mb or more:
      extdata   4.9Mb
      libs      2.5Mb
Flavors: r-oldrel-macos-arm64, r-oldrel-macos-x86_64