Last updated on 2025-10-25 09:49:27 CEST.
| Flavor | Version | Tinstall | Tcheck | Ttotal | Status | Flags |
|---|---|---|---|---|---|---|
| r-devel-linux-x86_64-debian-clang | 2.1-3 | 5.36 | 82.17 | 87.53 | NOTE | |
| r-devel-linux-x86_64-debian-gcc | 2.1-3 | 3.19 | 54.40 | 57.59 | NOTE | |
| r-devel-linux-x86_64-fedora-clang | 2.1-3 | 10.00 | 120.80 | 130.80 | OK | |
| r-devel-linux-x86_64-fedora-gcc | 2.1-3 | 10.00 | 132.37 | 142.37 | OK | |
| r-devel-windows-x86_64 | 2.1-3 | 6.00 | 111.00 | 117.00 | OK | |
| r-patched-linux-x86_64 | 2.1-3 | 4.99 | 78.52 | 83.51 | OK | |
| r-release-linux-x86_64 | 2.1-3 | 4.88 | 79.77 | 84.65 | OK | |
| r-release-macos-arm64 | 2.1-3 | 2.00 | 40.00 | 42.00 | OK | |
| r-release-macos-x86_64 | 2.1-3 | 4.00 | 113.00 | 117.00 | OK | |
| r-release-windows-x86_64 | 2.1-3 | 7.00 | 115.00 | 122.00 | OK | |
| r-oldrel-macos-arm64 | 2.1-3 | 2.00 | 36.00 | 38.00 | OK | |
| r-oldrel-macos-x86_64 | 2.1-3 | 3.00 | 59.00 | 62.00 | OK | |
| r-oldrel-windows-x86_64 | 2.1-3 | 6.00 | 120.00 | 126.00 | OK |
Version: 2.1-3
Check: CRAN incoming feasibility
Result: NOTE
Maintainer: ‘Ali Uenlue <ali.uenlue@tum.de>’
Package CITATION file contains call(s) to old-style personList() or
as.personList(). Please use c() on person objects instead.
Package CITATION file contains call(s) to old-style citEntry(). Please
use bibentry() instead.
Flavors: r-devel-linux-x86_64-debian-clang, r-devel-linux-x86_64-debian-gcc