Last updated on 2025-10-31 08:50:11 CET.
| Flavor | Version | Tinstall | Tcheck | Ttotal | Status | Flags | 
|---|---|---|---|---|---|---|
| r-devel-linux-x86_64-debian-clang | 1.4.2 | 5.87 | 53.16 | 59.03 | NOTE | |
| r-devel-linux-x86_64-debian-gcc | 1.4.2 | 5.23 | 40.50 | 45.73 | NOTE | |
| r-devel-linux-x86_64-fedora-clang | 1.4.2 | 15.00 | 76.74 | 91.74 | OK | |
| r-devel-linux-x86_64-fedora-gcc | 1.4.2 | 13.00 | 73.71 | 86.71 | OK | |
| r-devel-windows-x86_64 | 1.4.2 | 7.00 | 64.00 | 71.00 | OK | |
| r-patched-linux-x86_64 | 1.4.2 | 6.48 | 50.43 | 56.91 | OK | |
| r-release-linux-x86_64 | 1.4.2 | 5.35 | 50.18 | 55.53 | OK | |
| r-release-macos-arm64 | 1.4.2 | 3.00 | 26.00 | 29.00 | OK | |
| r-release-macos-x86_64 | 1.4.2 | 6.00 | 50.00 | 56.00 | OK | |
| r-release-windows-x86_64 | 1.4.2 | 8.00 | 69.00 | 77.00 | OK | |
| r-oldrel-macos-arm64 | 1.4.2 | 3.00 | 24.00 | 27.00 | OK | |
| r-oldrel-macos-x86_64 | 1.4.2 | 4.00 | 43.00 | 47.00 | OK | |
| r-oldrel-windows-x86_64 | 1.4.2 | 10.00 | 81.00 | 91.00 | OK | 
Version: 1.4.2
Check: CRAN incoming feasibility
Result: NOTE
  Maintainer: ‘Zhilong Jia <zhilongjia@gmail.com>’
  
  Package CITATION file contains call(s) to old-style personList() or
  as.personList().  Please use c() on person objects instead.
  Package CITATION file contains call(s) to old-style citEntry().  Please
  use bibentry() instead.
Flavors: r-devel-linux-x86_64-debian-clang, r-devel-linux-x86_64-debian-gcc