Last updated on 2025-10-21 09:48:30 CEST.
Flavor | Version | Tinstall | Tcheck | Ttotal | Status | Flags |
---|---|---|---|---|---|---|
r-devel-linux-x86_64-debian-clang | 0.2.6 | 6.58 | 45.78 | 52.36 | OK | |
r-devel-linux-x86_64-debian-gcc | 0.2.6 | 4.69 | 33.93 | 38.62 | NOTE | |
r-devel-linux-x86_64-fedora-clang | 0.2.6 | 79.92 | OK | |||
r-devel-linux-x86_64-fedora-gcc | 0.2.6 | 74.54 | OK | |||
r-devel-windows-x86_64 | 0.2.6 | 9.00 | 62.00 | 71.00 | OK | |
r-patched-linux-x86_64 | 0.2.6 | 6.97 | 42.90 | 49.87 | OK | |
r-release-linux-x86_64 | 0.2.6 | 6.87 | 43.51 | 50.38 | OK | |
r-release-macos-arm64 | 0.2.6 | 24.00 | OK | |||
r-release-macos-x86_64 | 0.2.6 | 52.00 | OK | |||
r-release-windows-x86_64 | 0.2.6 | 10.00 | 67.00 | 77.00 | OK | |
r-oldrel-macos-arm64 | 0.2.6 | 32.00 | OK | |||
r-oldrel-macos-x86_64 | 0.2.6 | 62.00 | OK | |||
r-oldrel-windows-x86_64 | 0.2.6 | 11.00 | 76.00 | 87.00 | OK |
Version: 0.2.6
Check: HTML version of manual
Result: NOTE
Found the following HTML validation problems:
check_load_data_button.html:55:1 (check_load_data_button.Rd:12): Warning: missing </ul> before </div>
set_target_equal_to_source.html:47:1 (set_target_equal_to_source.Rd:10): Warning: missing </ul> before </div>
validate_inputs.html:60:1 (validate_inputs.Rd:17): Warning: missing </ul> before </div>
Flavor: r-devel-linux-x86_64-debian-gcc