Last updated on 2025-10-24 09:50:00 CEST.
| Flavor | Version | Tinstall | Tcheck | Ttotal | Status | Flags |
|---|---|---|---|---|---|---|
| r-devel-linux-x86_64-debian-clang | 1.1 | 1.78 | 20.35 | 22.13 | OK | |
| r-devel-linux-x86_64-debian-gcc | 1.1 | 1.35 | 16.78 | 18.13 | OK | |
| r-devel-linux-x86_64-fedora-clang | 1.1 | 32.27 | OK | |||
| r-devel-linux-x86_64-fedora-gcc | 1.1 | 31.11 | OK | |||
| r-devel-windows-x86_64 | 1.1 | 3.00 | 38.00 | 41.00 | OK | |
| r-patched-linux-x86_64 | 1.1 | 1.96 | 19.25 | 21.21 | OK | |
| r-release-linux-x86_64 | 1.1 | 1.64 | 19.05 | 20.69 | OK | |
| r-release-macos-arm64 | 1.1 | 1.00 | 13.00 | 14.00 | OK | |
| r-release-macos-x86_64 | 1.1 | 2.00 | 21.00 | 23.00 | OK | |
| r-release-windows-x86_64 | 1.1 | 4.00 | 40.00 | 44.00 | OK | |
| r-oldrel-macos-arm64 | 1.1 | 1.00 | 14.00 | 15.00 | NOTE | |
| r-oldrel-macos-x86_64 | 1.1 | 1.00 | 18.00 | 19.00 | NOTE | |
| r-oldrel-windows-x86_64 | 1.1 | 5.00 | 43.00 | 48.00 | NOTE |
Version: 1.1
Check: LazyData
Result: NOTE
'LazyData' is specified without a 'data' directory
Flavors: r-oldrel-macos-arm64, r-oldrel-macos-x86_64, r-oldrel-windows-x86_64