Last updated on 2025-10-31 08:50:14 CET.
| Flavor | Version | Tinstall | Tcheck | Ttotal | Status | Flags | 
|---|---|---|---|---|---|---|
| r-devel-linux-x86_64-debian-clang | 3.4.8 | 91.25 | 170.05 | 261.30 | NOTE | |
| r-devel-linux-x86_64-debian-gcc | 3.4.8 | 63.76 | 107.78 | 171.54 | NOTE | |
| r-devel-linux-x86_64-fedora-clang | 3.4.8 | 191.00 | 234.36 | 425.36 | OK | |
| r-devel-linux-x86_64-fedora-gcc | 3.4.8 | 398.00 | 57.82 | 455.82 | OK | |
| r-devel-windows-x86_64 | 3.4.8 | 99.00 | 178.00 | 277.00 | OK | |
| r-patched-linux-x86_64 | 3.4.8 | 90.85 | 156.27 | 247.12 | OK | |
| r-release-linux-x86_64 | 3.4.8 | 92.13 | 158.13 | 250.26 | OK | |
| r-release-macos-arm64 | 3.4.8 | 34.00 | 52.00 | 86.00 | OK | |
| r-release-macos-x86_64 | 3.4.8 | 52.00 | 107.00 | 159.00 | OK | |
| r-release-windows-x86_64 | 3.4.8 | 106.00 | 177.00 | 283.00 | OK | |
| r-oldrel-macos-arm64 | 3.4.8 | 41.00 | 57.00 | 98.00 | NOTE | |
| r-oldrel-macos-x86_64 | 3.4.8 | 69.00 | 158.00 | 227.00 | NOTE | |
| r-oldrel-windows-x86_64 | 3.4.8 | 123.00 | 241.00 | 364.00 | OK | 
Version: 3.4.8
Check: CRAN incoming feasibility
Result: NOTE
  Maintainer: ‘Jose Gerardo Tamez-Pena <jose.tamezpena@tec.mx>’
  
  No Authors@R field in DESCRIPTION.
  Please add one, modifying
    Authors@R: c(person(given = c("Jose", "Gerardo"),
                        family = "Tamez-Pena",
                        role = c("aut", "cre"),
                        email = "jose.tamezpena@tec.mx"),
                 person(given = "Antonio",
                        family = "Martinez-Torteya",
                        role = "aut"),
                 person(given = "Israel",
                        family = "Alanis",
                        role = "aut"),
                 person(given = "Jorge",
                        family = "Orozco",
                        role = "aut"))
  as necessary.
Flavors: r-devel-linux-x86_64-debian-clang, r-devel-linux-x86_64-debian-gcc
Version: 3.4.8
Check: installed package size
Result: NOTE
    installed size is  9.2Mb
    sub-directories of 1Mb or more:
      doc    1.7Mb
      libs   6.2Mb
Flavors: r-oldrel-macos-arm64, r-oldrel-macos-x86_64