Last updated on 2025-10-22 09:50:33 CEST.
Flavor | Version | Tinstall | Tcheck | Ttotal | Status | Flags |
---|---|---|---|---|---|---|
r-devel-linux-x86_64-debian-clang | 0.6.3 | 6.01 | 69.44 | 75.45 | NOTE | |
r-devel-linux-x86_64-debian-gcc | 0.6.3 | 5.55 | 49.75 | 55.30 | NOTE | |
r-devel-linux-x86_64-fedora-clang | 0.6.3 | 15.00 | 96.04 | 111.04 | OK | |
r-devel-linux-x86_64-fedora-gcc | 0.6.3 | 17.00 | 92.61 | 109.61 | OK | |
r-devel-windows-x86_64 | 0.6.3 | 9.00 | 87.00 | 96.00 | OK | |
r-patched-linux-x86_64 | 0.6.3 | 8.08 | 63.11 | 71.19 | OK | |
r-release-linux-x86_64 | 0.6.3 | 6.38 | 62.87 | 69.25 | OK | |
r-release-macos-arm64 | 0.6.3 | 5.00 | 38.00 | 43.00 | OK | |
r-release-macos-x86_64 | 0.6.3 | 5.00 | 56.00 | 61.00 | OK | |
r-release-windows-x86_64 | 0.6.3 | 11.00 | 88.00 | 99.00 | OK | |
r-oldrel-macos-arm64 | 0.6.3 | 3.00 | 24.00 | 27.00 | OK | |
r-oldrel-macos-x86_64 | 0.6.3 | 7.00 | 53.00 | 60.00 | OK | |
r-oldrel-windows-x86_64 | 0.6.3 | 13.00 | 108.00 | 121.00 | OK |
Version: 0.6.3
Check: CRAN incoming feasibility
Result: NOTE
Maintainer: ‘Felix Yanhui Fan <nolanfyh@gmail.com>’
No Authors@R field in DESCRIPTION.
Please add one, modifying
Authors@R: person(given = c("Felix", "Yanhui"),
family = "Fan",
role = c("aut", "cre"),
email = "nolanfyh@gmail.com")
as necessary.
Flavors: r-devel-linux-x86_64-debian-clang, r-devel-linux-x86_64-debian-gcc