Last updated on 2025-10-24 09:50:04 CEST.
| Flavor | Version | Tinstall | Tcheck | Ttotal | Status | Flags |
|---|---|---|---|---|---|---|
| r-devel-linux-x86_64-debian-clang | 0.6.0 | 10.25 | 75.76 | 86.01 | NOTE | |
| r-devel-linux-x86_64-debian-gcc | 0.6.0 | 6.90 | 56.36 | 63.26 | OK | |
| r-devel-linux-x86_64-fedora-clang | 0.6.0 | 22.00 | 107.34 | 129.34 | OK | |
| r-devel-linux-x86_64-fedora-gcc | 0.6.0 | 21.00 | 100.48 | 121.48 | OK | |
| r-devel-windows-x86_64 | 0.6.0 | 11.00 | 86.00 | 97.00 | OK | |
| r-patched-linux-x86_64 | 0.6.0 | 10.06 | 71.99 | 82.05 | OK | |
| r-release-linux-x86_64 | 0.6.0 | 9.32 | 72.12 | 81.44 | OK | |
| r-release-macos-arm64 | 0.6.0 | 5.00 | 35.00 | 40.00 | OK | |
| r-release-macos-x86_64 | 0.6.0 | 19.00 | 113.00 | 132.00 | OK | |
| r-release-windows-x86_64 | 0.6.0 | 10.00 | 86.00 | 96.00 | OK | |
| r-oldrel-macos-arm64 | 0.6.0 | 6.00 | 41.00 | 47.00 | OK | |
| r-oldrel-macos-x86_64 | 0.6.0 | 18.00 | 113.00 | 131.00 | OK | |
| r-oldrel-windows-x86_64 | 0.6.0 | 15.00 | 103.00 | 118.00 | OK |
Version: 0.6.0
Check: HTML version of manual
Result: NOTE
Found the following HTML validation problems:
intDotplot.html:50:1 (intDotplot.Rd:12): Warning: missing </ul> before </div>
print.RRglmGOF.html:55:1 (print.RRglmGOF.Rd:14): Warning: missing </ul> before </div>
print.summary.RRglm.html:74:1 (print.summary.RRglm.Rd:27): Warning: missing </ul> before </div>
print.summary.RRglmerMod.html:74:1 (print.summary.RRglmerMod.Rd:27): Warning: missing </ul> before </div>
Flavor: r-devel-linux-x86_64-debian-clang