Last updated on 2025-10-25 09:49:32 CEST.
| Flavor | Version | Tinstall | Tcheck | Ttotal | Status | Flags |
|---|---|---|---|---|---|---|
| r-devel-linux-x86_64-debian-clang | 0.2.3 | 160.01 | 83.81 | 243.82 | OK | |
| r-devel-linux-x86_64-debian-gcc | 0.2.3 | 110.57 | 58.46 | 169.03 | OK | |
| r-devel-linux-x86_64-fedora-clang | 0.2.3 | 322.00 | 113.14 | 435.14 | OK | |
| r-devel-linux-x86_64-fedora-gcc | 0.2.3 | 238.00 | 187.77 | 425.77 | OK | |
| r-devel-windows-x86_64 | 0.2.3 | 189.00 | 122.00 | 311.00 | OK | |
| r-patched-linux-x86_64 | 0.2.3 | 170.27 | 79.06 | 249.33 | OK | |
| r-release-linux-x86_64 | 0.2.3 | 166.20 | 79.18 | 245.38 | OK | |
| r-release-macos-arm64 | 0.2.3 | 64.00 | 37.00 | 101.00 | OK | |
| r-release-macos-x86_64 | 0.2.3 | 63.00 | 82.00 | 145.00 | OK | |
| r-release-windows-x86_64 | 0.2.3 | 191.00 | 125.00 | 316.00 | OK | |
| r-oldrel-macos-arm64 | 0.2.3 | 75.00 | 41.00 | 116.00 | NOTE | |
| r-oldrel-macos-x86_64 | 0.2.3 | 56.00 | 88.00 | 144.00 | NOTE | |
| r-oldrel-windows-x86_64 | 0.2.3 | 223.00 | 159.00 | 382.00 | OK |
Version: 0.2.3
Check: installed package size
Result: NOTE
installed size is 17.7Mb
sub-directories of 1Mb or more:
extdata 2.5Mb
libs 14.9Mb
Flavors: r-oldrel-macos-arm64, r-oldrel-macos-x86_64