Last updated on 2025-10-31 08:50:15 CET.
| Flavor | Version | Tinstall | Tcheck | Ttotal | Status | Flags | 
|---|---|---|---|---|---|---|
| r-devel-linux-x86_64-debian-clang | 1.2.2 | 6.61 | 60.12 | 66.73 | NOTE | |
| r-devel-linux-x86_64-debian-gcc | 1.2.2 | 5.42 | 46.45 | 51.87 | NOTE | |
| r-devel-linux-x86_64-fedora-clang | 1.2.2 | 14.00 | 84.12 | 98.12 | NOTE | |
| r-devel-linux-x86_64-fedora-gcc | 1.2.2 | 15.00 | 80.03 | 95.03 | NOTE | |
| r-devel-windows-x86_64 | 1.2.2 | 8.00 | 69.00 | 77.00 | OK | |
| r-patched-linux-x86_64 | 1.2.2 | 6.64 | 57.07 | 63.71 | OK | |
| r-release-linux-x86_64 | 1.2.2 | 7.18 | 57.41 | 64.59 | OK | |
| r-release-macos-arm64 | 1.2.2 | 4.00 | 29.00 | 33.00 | OK | |
| r-release-macos-x86_64 | 1.2.2 | 7.00 | 54.00 | 61.00 | OK | |
| r-release-windows-x86_64 | 1.2.2 | 9.00 | 71.00 | 80.00 | OK | |
| r-oldrel-macos-arm64 | 1.2.2 | 3.00 | 29.00 | 32.00 | NOTE | |
| r-oldrel-macos-x86_64 | 1.2.2 | 5.00 | 42.00 | 47.00 | NOTE | |
| r-oldrel-windows-x86_64 | 1.2.2 | 10.00 | 87.00 | 97.00 | NOTE | 
Version: 1.2.2
Check: CRAN incoming feasibility
Result: NOTE
  Maintainer: ‘Daisuke Yoneoka <blue.sky.sea.dy@gmail.com>’
  
  No Authors@R field in DESCRIPTION.
  Please add one, modifying
    Authors@R: c(person(given = "Daisuke",
                        family = "Yoneoka",
                        role = c("aut", "cre"),
                        email = "blue.sky.sea.dy@gmail.com"),
                 person(given = "Eiko",
                        family = "Saito",
                        role = "aut"))
  as necessary.
Flavors: r-devel-linux-x86_64-debian-clang, r-devel-linux-x86_64-debian-gcc
Version: 1.2.2
Check: dependencies in R code
Result: NOTE
  Namespaces in Imports field not imported from:
    ‘doParallel’ ‘foreach’ ‘spgwr’
    All declared Imports should be used.
Flavors: r-devel-linux-x86_64-fedora-clang, r-devel-linux-x86_64-fedora-gcc
Version: 1.2.2
Check: LazyData
Result: NOTE
    'LazyData' is specified without a 'data' directory
Flavors: r-oldrel-macos-arm64, r-oldrel-macos-x86_64, r-oldrel-windows-x86_64