CRAN Package Check Results for Package GramQuad

Last updated on 2025-10-22 09:50:35 CEST.

Flavor Version Tinstall Tcheck Ttotal Status Flags
r-devel-linux-x86_64-debian-clang 0.1.1 1.56 20.38 21.94 NOTE
r-devel-linux-x86_64-debian-gcc 0.1.1 1.33 16.72 18.05 NOTE
r-devel-linux-x86_64-fedora-clang 0.1.1 32.00 OK
r-devel-linux-x86_64-fedora-gcc 0.1.1 29.95 OK
r-devel-windows-x86_64 0.1.1 3.00 43.00 46.00 OK
r-patched-linux-x86_64 0.1.1 1.58 19.28 20.86 OK
r-release-linux-x86_64 0.1.1 1.58 19.23 20.81 OK
r-release-macos-arm64 0.1.1 1.00 16.00 17.00 OK
r-release-macos-x86_64 0.1.1 2.00 23.00 25.00 OK
r-release-windows-x86_64 0.1.1 3.00 45.00 48.00 OK
r-oldrel-macos-arm64 0.1.1 1.00 15.00 16.00 OK
r-oldrel-macos-x86_64 0.1.1 1.00 19.00 20.00 OK
r-oldrel-windows-x86_64 0.1.1 4.00 46.00 50.00 OK

Check Details

Version: 0.1.1
Check: CRAN incoming feasibility
Result: NOTE Maintainer: ‘Iago Giné-Vázquez <iago.gin-vaz@protonmail.com>’ The Description field contains <arXiv:2106.14875> [math.NA] 28 Jun 2021, by Irfan Muhammad [School of Please refer to arXiv e-prints via their arXiv DOI <doi:10.48550/arXiv.YYMM.NNNNN>. Flavors: r-devel-linux-x86_64-debian-clang, r-devel-linux-x86_64-debian-gcc