Last updated on 2025-10-24 09:50:05 CEST.
| Flavor | Version | Tinstall | Tcheck | Ttotal | Status | Flags |
|---|---|---|---|---|---|---|
| r-devel-linux-x86_64-debian-clang | 2.0.1 | 48.54 | 96.77 | 145.31 | OK | |
| r-devel-linux-x86_64-debian-gcc | 2.0.1 | 29.39 | 72.57 | 101.96 | OK | |
| r-devel-linux-x86_64-fedora-clang | 2.0.1 | 83.00 | 139.88 | 222.88 | OK | |
| r-devel-linux-x86_64-fedora-gcc | 2.0.1 | 69.00 | 140.15 | 209.15 | OK | |
| r-devel-windows-x86_64 | 2.0.1 | 46.00 | 121.00 | 167.00 | OK | |
| r-patched-linux-x86_64 | 2.0.1 | 41.33 | 91.64 | 132.97 | OK | |
| r-release-linux-x86_64 | 2.0.1 | 38.47 | 91.32 | 129.79 | OK | |
| r-release-macos-arm64 | 2.0.1 | 19.00 | 48.00 | 67.00 | OK | |
| r-release-macos-x86_64 | 2.0.1 | 46.00 | 98.00 | 144.00 | OK | |
| r-release-windows-x86_64 | 2.0.1 | 51.00 | 125.00 | 176.00 | OK | |
| r-oldrel-macos-arm64 | 2.0.1 | 19.00 | 47.00 | 66.00 | NOTE | |
| r-oldrel-macos-x86_64 | 2.0.1 | 33.00 | 79.00 | 112.00 | NOTE | |
| r-oldrel-windows-x86_64 | 2.0.1 | 61.00 | 156.00 | 217.00 | NOTE |
Version: 2.0.1
Check: installed package size
Result: NOTE
installed size is 10.8Mb
sub-directories of 1Mb or more:
data 5.8Mb
libs 4.8Mb
Flavors: r-oldrel-macos-arm64, r-oldrel-macos-x86_64, r-oldrel-windows-x86_64