CRAN Package Check Results for Package HDNRA

Last updated on 2025-06-28 09:49:34 CEST.

Flavor Version Tinstall Tcheck Ttotal Status Flags
r-devel-linux-x86_64-debian-clang 2.0.1 48.28 96.45 144.73 OK
r-devel-linux-x86_64-debian-gcc 2.0.1 30.39 70.85 101.24 OK
r-devel-linux-x86_64-fedora-clang 2.0.1 228.03 OK
r-devel-linux-x86_64-fedora-gcc 2.0.1 208.86 OK
r-devel-windows-x86_64 2.0.1 48.00 124.00 172.00 OK
r-patched-linux-x86_64 OK
r-release-linux-x86_64 2.0.1 38.93 89.79 128.72 OK
r-release-macos-arm64 2.0.1 67.00 OK
r-release-macos-x86_64 2.0.1 144.00 OK
r-release-windows-x86_64 2.0.1 49.00 123.00 172.00 OK
r-oldrel-macos-arm64 2.0.1 66.00 NOTE
r-oldrel-macos-x86_64 2.0.1 112.00 NOTE
r-oldrel-windows-x86_64 2.0.1 60.00 154.00 214.00 NOTE

Check Details

Version: 2.0.1
Check: installed package size
Result: NOTE installed size is 10.8Mb sub-directories of 1Mb or more: data 5.8Mb libs 4.8Mb Flavors: r-oldrel-macos-arm64, r-oldrel-macos-x86_64, r-oldrel-windows-x86_64