Last updated on 2025-10-21 09:48:34 CEST.
Flavor | Version | Tinstall | Tcheck | Ttotal | Status | Flags |
---|---|---|---|---|---|---|
r-devel-linux-x86_64-debian-clang | 1.8-14 | 6.03 | 59.95 | 65.98 | OK | |
r-devel-linux-x86_64-debian-gcc | 1.8-14 | 4.18 | 41.13 | 45.31 | NOTE | |
r-devel-linux-x86_64-fedora-clang | 1.8-14 | 101.48 | OK | |||
r-devel-linux-x86_64-fedora-gcc | 1.8-14 | 99.28 | OK | |||
r-devel-windows-x86_64 | 1.8-14 | 10.00 | 80.00 | 90.00 | OK | |
r-patched-linux-x86_64 | 1.8-14 | 7.07 | 57.12 | 64.19 | OK | |
r-release-linux-x86_64 | 1.8-14 | 5.90 | 57.44 | 63.34 | OK | |
r-release-macos-arm64 | 1.8-14 | 29.00 | OK | |||
r-release-macos-x86_64 | 1.8-14 | 53.00 | OK | |||
r-release-windows-x86_64 | 1.8-14 | 11.00 | 82.00 | 93.00 | OK | |
r-oldrel-macos-arm64 | 1.8-14 | 49.00 | OK | |||
r-oldrel-macos-x86_64 | 1.8-14 | 84.00 | OK | |||
r-oldrel-windows-x86_64 | 1.8-14 | 17.00 | 84.00 | 101.00 | OK |
Version: 1.8-14
Check: HTML version of manual
Result: NOTE
Found the following HTML validation problems:
mmglm-2nd-level-functions.html:55:1 (mmglm-2nd-level-functions.Rd:20): Warning: missing </ul> before </div>
Flavor: r-devel-linux-x86_64-debian-gcc