Last updated on 2025-10-26 08:48:49 CET.
| Flavor | Version | Tinstall | Tcheck | Ttotal | Status | Flags | 
|---|---|---|---|---|---|---|
| r-devel-linux-x86_64-debian-clang | 3.1 | 46.84 | 61.72 | 108.56 | NOTE | |
| r-devel-linux-x86_64-debian-gcc | 3.1 | 18.30 | 45.28 | 63.58 | NOTE | |
| r-devel-linux-x86_64-fedora-clang | 3.1 | 168.00 | -2.26 | 165.74 | NOTE | |
| r-devel-linux-x86_64-fedora-gcc | 3.1 | 125.00 | 22.33 | 147.33 | NOTE | |
| r-devel-windows-x86_64 | 3.1 | 25.00 | 81.00 | 106.00 | NOTE | |
| r-patched-linux-x86_64 | 3.1 | 24.32 | 59.13 | 83.45 | NOTE | |
| r-release-linux-x86_64 | 3.1 | 23.84 | 59.32 | 83.16 | NOTE | |
| r-release-macos-arm64 | 3.1 | 16.00 | 38.00 | 54.00 | NOTE | |
| r-release-macos-x86_64 | 3.1 | 20.00 | 57.00 | 77.00 | NOTE | |
| r-release-windows-x86_64 | 3.1 | 27.00 | 87.00 | 114.00 | NOTE | |
| r-oldrel-macos-arm64 | 3.1 | 9.00 | 29.00 | 38.00 | NOTE | |
| r-oldrel-macos-x86_64 | 3.1 | 15.00 | 46.00 | 61.00 | NOTE | |
| r-oldrel-windows-x86_64 | 3.1 | 33.00 | 112.00 | 145.00 | NOTE | 
Version: 3.1
Check: CRAN incoming feasibility
Result: NOTE
  Maintainer: ‘Diaa Al Mohamad <diaa.almohamad@gmail.com>’
  
  No Authors@R field in DESCRIPTION.
  Please add one, modifying
    Authors@R: c(person(given = c("Diaa", "Al"),
                        family = "Mohamad",
                        role = c("aut", "cre"),
                        email = "diaa.almohamad@gmail.com"),
                 person(given = c("Erik", "W."),
                        family = "van Zwet",
                        role = "aut"),
                 person(given = c("Jelle", "J."),
                        family = "Goeman",
                        role = "aut"))
  as necessary.
Flavors: r-devel-linux-x86_64-debian-clang, r-devel-linux-x86_64-debian-gcc
Version: 3.1
Check: C++ specification
Result: NOTE
    Specified C++11: please drop specification unless essential
Flavors: r-devel-linux-x86_64-debian-clang, r-devel-linux-x86_64-debian-gcc, r-devel-linux-x86_64-fedora-clang, r-devel-linux-x86_64-fedora-gcc, r-devel-windows-x86_64, r-patched-linux-x86_64, r-release-linux-x86_64, r-release-macos-arm64, r-release-macos-x86_64, r-release-windows-x86_64, r-oldrel-macos-arm64, r-oldrel-macos-x86_64, r-oldrel-windows-x86_64
Version: 3.1
Check: Rd files
Result: NOTE
  checkRd: (-1) ic.ranks.Rd:46: Lost braces; missing escapes or markup?
      46 | \item{n_adjust}{an integer-valued entry for advanced control over the lower- or upper-bound algorithms. When the "adjustL" parameter is TRUE, the new value of n_adjust is chosen automatically as the best adjustment on the lower affine bound of the chi-square quantiles according to the data. If adjustU is TRUE, then n_adjust contains the point at which the upper affine bound is tangent on the chi-square quantiles. Possible values {1,...,n-1}. If both adjustL and adjustU variables are left FALSE, then the default choice is that the lower affine bound passes between the chi-square quantiles at 1 and n-1 degrees of freedom, and the upper affine bound is tangent on n-1.}
         |                                                                                                                                                                                                                                                                                                                                                                                                                                                  ^
Flavors: r-devel-linux-x86_64-debian-clang, r-devel-linux-x86_64-debian-gcc, r-devel-linux-x86_64-fedora-clang, r-devel-linux-x86_64-fedora-gcc, r-devel-windows-x86_64, r-patched-linux-x86_64, r-release-linux-x86_64, r-release-macos-arm64, r-release-macos-x86_64, r-release-windows-x86_64, r-oldrel-macos-arm64, r-oldrel-macos-x86_64, r-oldrel-windows-x86_64