Last updated on 2025-10-25 09:49:35 CEST.
| Flavor | Version | Tinstall | Tcheck | Ttotal | Status | Flags |
|---|---|---|---|---|---|---|
| r-devel-linux-x86_64-debian-clang | 0.14.0 | 2.44 | 28.24 | 30.68 | OK | |
| r-devel-linux-x86_64-debian-gcc | 0.14.0 | 1.85 | 21.79 | 23.64 | OK | |
| r-devel-linux-x86_64-fedora-clang | 0.14.0 | 46.78 | NOTE | |||
| r-devel-linux-x86_64-fedora-gcc | 0.14.0 | 11.00 | 35.67 | 46.67 | NOTE | |
| r-devel-windows-x86_64 | 0.14.0 | 5.00 | 46.00 | 51.00 | OK | |
| r-patched-linux-x86_64 | 0.14.0 | 2.66 | 26.79 | 29.45 | OK | |
| r-release-linux-x86_64 | 0.14.0 | 1.91 | 27.02 | 28.93 | OK | |
| r-release-macos-arm64 | 0.14.0 | 1.00 | 19.00 | 20.00 | OK | |
| r-release-macos-x86_64 | 0.14.0 | 2.00 | 25.00 | 27.00 | OK | |
| r-release-windows-x86_64 | 0.14.0 | 6.00 | 48.00 | 54.00 | OK | |
| r-oldrel-macos-arm64 | 0.14.0 | 2.00 | 23.00 | 25.00 | OK | |
| r-oldrel-macos-x86_64 | 0.14.0 | 2.00 | 30.00 | 32.00 | OK | |
| r-oldrel-windows-x86_64 | 0.14.0 | 6.00 | 56.00 | 62.00 | OK |
Version: 0.14.0
Check: dependencies in R code
Result: NOTE
Namespaces in Imports field not imported from:
‘DT’ ‘assertthat’ ‘fmsb’ ‘shinyalert’ ‘tidyr’ ‘writexl’
All declared Imports should be used.
Flavors: r-devel-linux-x86_64-fedora-clang, r-devel-linux-x86_64-fedora-gcc