Last updated on 2025-10-26 08:48:54 CET.
| Flavor | Version | Tinstall | Tcheck | Ttotal | Status | Flags |
|---|---|---|---|---|---|---|
| r-devel-linux-x86_64-debian-clang | 0.6 | 10.19 | 80.52 | 90.71 | NOTE | |
| r-devel-linux-x86_64-debian-gcc | 0.6 | 7.78 | 56.99 | 64.77 | NOTE | |
| r-devel-linux-x86_64-fedora-clang | 0.6 | 23.00 | 117.25 | 140.25 | OK | |
| r-devel-linux-x86_64-fedora-gcc | 0.6 | 55.00 | 87.90 | 142.90 | OK | |
| r-devel-windows-x86_64 | 0.6 | 12.00 | 79.00 | 91.00 | OK | |
| r-patched-linux-x86_64 | 0.6 | 9.03 | 75.95 | 84.98 | OK | |
| r-release-linux-x86_64 | 0.6 | 9.77 | 76.27 | 86.04 | OK | |
| r-release-macos-arm64 | 0.6 | 6.00 | 41.00 | 47.00 | OK | |
| r-release-macos-x86_64 | 0.6 | 11.00 | 72.00 | 83.00 | OK | |
| r-release-windows-x86_64 | 0.6 | 11.00 | 85.00 | 96.00 | OK | |
| r-oldrel-macos-arm64 | 0.6 | 4.00 | 35.00 | 39.00 | OK | |
| r-oldrel-macos-x86_64 | 0.6 | 7.00 | 56.00 | 63.00 | OK | |
| r-oldrel-windows-x86_64 | 0.6 | 16.00 | 104.00 | 120.00 | OK |
Version: 0.6
Check: CRAN incoming feasibility
Result: NOTE
Maintainer: ‘Chih-Li Sung <sungchih@msu.edu>’
No Authors@R field in DESCRIPTION.
Please add one, modifying
Authors@R: person(given = "Chih-Li",
family = "Sung",
role = c("aut", "cre"),
email = "sungchih@msu.edu")
as necessary.
Flavors: r-devel-linux-x86_64-debian-clang, r-devel-linux-x86_64-debian-gcc