CRAN Package Check Results for Package MaximinInfer

Last updated on 2025-10-22 09:50:39 CEST.

Flavor Version Tinstall Tcheck Ttotal Status Flags
r-devel-linux-x86_64-debian-clang 2.0.0 14.33 114.65 128.98 NOTE
r-devel-linux-x86_64-debian-gcc 2.0.0 10.17 79.68 89.85 NOTE
r-devel-linux-x86_64-fedora-clang 2.0.0 32.00 167.84 199.84 OK
r-devel-linux-x86_64-fedora-gcc 2.0.0 51.00 149.47 200.47 OK
r-devel-windows-x86_64 2.0.0 14.00 109.00 123.00 OK
r-patched-linux-x86_64 2.0.0 13.26 110.41 123.67 OK
r-release-linux-x86_64 2.0.0 14.68 110.90 125.58 OK
r-release-macos-arm64 2.0.0 6.00 44.00 50.00 OK
r-release-macos-x86_64 2.0.0 21.00 109.00 130.00 OK
r-release-windows-x86_64 2.0.0 13.00 109.00 122.00 OK
r-oldrel-macos-arm64 2.0.0 6.00 44.00 50.00 OK
r-oldrel-macos-x86_64 2.0.0 17.00 111.00 128.00 OK
r-oldrel-windows-x86_64 2.0.0 19.00 140.00 159.00 OK

Check Details

Version: 2.0.0
Check: CRAN incoming feasibility
Result: NOTE Maintainer: ‘Zhenyu Wang <zw425@stat.rutgers.edu>’ No Authors@R field in DESCRIPTION. Please add one, modifying Authors@R: c(person(given = c("Zhenyu", "Wang;", "Zijian"), family = "Guo", role = "aut"), person(given = "Zhenyu", family = "Wang", role = "cre", email = "zw425@stat.rutgers.edu")) as necessary. The Description field contains shift maximin effect, which was proposed in <arXiv:2011.07568>. It Please refer to arXiv e-prints via their arXiv DOI <doi:10.48550/arXiv.YYMM.NNNNN>. Flavors: r-devel-linux-x86_64-debian-clang, r-devel-linux-x86_64-debian-gcc