CRAN Package Check Results for Package MethodOpt

Last updated on 2025-07-21 09:49:58 CEST.

Flavor Version Tinstall Tcheck Ttotal Status Flags
r-devel-linux-x86_64-debian-clang 1.0.0 5.86 39.57 45.43 OK
r-devel-linux-x86_64-debian-gcc 1.0.0 4.66 29.30 33.96 OK
r-devel-linux-x86_64-fedora-clang 1.0.0 73.49 NOTE
r-devel-linux-x86_64-fedora-gcc 1.0.0 85.96 NOTE
r-devel-windows-x86_64 1.0.0 10.00 55.00 65.00 OK
r-patched-linux-x86_64 1.0.0 5.99 37.66 43.65 OK
r-release-linux-x86_64 1.0.0 6.32 37.39 43.71 OK
r-release-macos-arm64 1.0.0 34.00 OK
r-release-macos-x86_64 1.0.0 53.00 OK
r-release-windows-x86_64 1.0.0 9.00 55.00 64.00 OK
r-oldrel-macos-arm64 1.0.0 30.00 OK
r-oldrel-macos-x86_64 1.0.0 51.00 OK
r-oldrel-windows-x86_64 1.0.0 11.00 64.00 75.00 OK

Check Details

Version: 1.0.0
Check: dependencies in R code
Result: NOTE Namespace in Imports field not imported from: ‘shinyBS’ All declared Imports should be used. Flavors: r-devel-linux-x86_64-fedora-clang, r-devel-linux-x86_64-fedora-gcc