Last updated on 2025-07-23 09:51:15 CEST.
Flavor | Version | Tinstall | Tcheck | Ttotal | Status | Flags |
---|---|---|---|---|---|---|
r-devel-linux-x86_64-debian-clang | 0.13.5 | 185.98 | 116.53 | 302.51 | OK | |
r-devel-linux-x86_64-debian-gcc | 0.13.5 | 128.68 | 75.44 | 204.12 | OK | |
r-devel-linux-x86_64-fedora-clang | 0.13.5 | 582.55 | OK | |||
r-devel-linux-x86_64-fedora-gcc | 0.13.5 | 492.98 | OK | |||
r-devel-windows-x86_64 | 0.13.5 | 197.00 | 148.00 | 345.00 | OK | |
r-patched-linux-x86_64 | 0.13.5 | 170.19 | 105.82 | 276.01 | OK | |
r-release-linux-x86_64 | 0.13.5 | 163.12 | 108.64 | 271.76 | OK | |
r-release-macos-arm64 | 0.13.5 | 111.00 | OK | |||
r-release-macos-x86_64 | 0.13.5 | 152.00 | OK | |||
r-release-windows-x86_64 | 0.13.5 | 199.00 | 145.00 | 344.00 | OK | |
r-oldrel-macos-arm64 | 0.13.5 | 112.00 | NOTE | |||
r-oldrel-macos-x86_64 | 0.13.5 | 115.00 | NOTE | |||
r-oldrel-windows-x86_64 | 0.13.5 | 243.00 | 185.00 | 428.00 | OK |
Version: 0.13.5
Check: installed package size
Result: NOTE
installed size is 7.3Mb
sub-directories of 1Mb or more:
libs 6.6Mb
Flavors: r-oldrel-macos-arm64, r-oldrel-macos-x86_64