Last updated on 2025-07-27 09:50:25 CEST.
Flavor | Version | Tinstall | Tcheck | Ttotal | Status | Flags |
---|---|---|---|---|---|---|
r-devel-linux-x86_64-debian-clang | 1.1-6 | 4.81 | 50.81 | 55.62 | NOTE | |
r-devel-linux-x86_64-debian-gcc | 1.1-6 | 3.17 | 37.83 | 41.00 | NOTE | |
r-devel-linux-x86_64-fedora-clang | 1.1-6 | 85.98 | OK | |||
r-devel-linux-x86_64-fedora-gcc | 1.1-6 | 81.87 | OK | |||
r-devel-windows-x86_64 | 1.1-6 | 7.00 | 67.00 | 74.00 | NOTE | |
r-patched-linux-x86_64 | 1.1-6 | 4.06 | 47.33 | 51.39 | NOTE | |
r-release-linux-x86_64 | 1.1-6 | 4.19 | 47.32 | 51.51 | NOTE | |
r-release-macos-arm64 | 1.1-6 | 28.00 | OK | |||
r-release-macos-x86_64 | 1.1-6 | 50.00 | OK | |||
r-release-windows-x86_64 | 1.1-6 | 8.00 | 69.00 | 77.00 | NOTE | |
r-oldrel-macos-arm64 | 1.1-6 | 32.00 | OK | |||
r-oldrel-macos-x86_64 | 1.1-6 | 44.00 | OK | |||
r-oldrel-windows-x86_64 | 1.1-6 | 8.00 | 80.00 | 88.00 | OK |
Version: 1.1-6
Check: Rd cross-references
Result: NOTE
Found the following Rd file(s) with Rd \link{} targets missing package
anchors:
analyze_ptn.Rd: igraph
origin-methods.Rd: igraph
origin_multiple.Rd: fastgreedy.community,
leading.eigenvector.community
plot_ptn.Rd: igraph, plot.igraph
Please provide package anchors for all Rd \link{} targets not in the
package itself and the base packages.
Flavors: r-devel-linux-x86_64-debian-clang, r-devel-linux-x86_64-debian-gcc, r-devel-windows-x86_64, r-patched-linux-x86_64, r-release-linux-x86_64, r-release-windows-x86_64