Last updated on 2025-10-24 09:50:11 CEST.
| Flavor | Version | Tinstall | Tcheck | Ttotal | Status | Flags |
|---|---|---|---|---|---|---|
| r-devel-linux-x86_64-debian-clang | 1.0-2 | 4.06 | 35.66 | 39.72 | NOTE | |
| r-devel-linux-x86_64-debian-gcc | 1.0-2 | 2.71 | 25.24 | 27.95 | NOTE | |
| r-devel-linux-x86_64-fedora-clang | 1.0-2 | 61.62 | NOTE | |||
| r-devel-linux-x86_64-fedora-gcc | 1.0-2 | 57.93 | NOTE | |||
| r-devel-windows-x86_64 | 1.0-2 | 5.00 | 48.00 | 53.00 | OK | |
| r-patched-linux-x86_64 | 1.0-2 | 3.86 | 34.01 | 37.87 | NOTE | |
| r-release-linux-x86_64 | 1.0-2 | 3.74 | 33.73 | 37.47 | NOTE | |
| r-release-macos-arm64 | 1.0-2 | 2.00 | 18.00 | 20.00 | OK | |
| r-release-macos-x86_64 | 1.0-2 | 3.00 | 30.00 | 33.00 | OK | |
| r-release-windows-x86_64 | 1.0-2 | 6.00 | 49.00 | 55.00 | OK | |
| r-oldrel-macos-arm64 | 1.0-2 | 2.00 | 17.00 | 19.00 | OK | |
| r-oldrel-macos-x86_64 | 1.0-2 | 3.00 | 24.00 | 27.00 | OK | |
| r-oldrel-windows-x86_64 | 1.0-2 | 5.00 | 48.00 | 53.00 | OK |
Version: 1.0-2
Check: CRAN incoming feasibility
Result: NOTE
Maintainer: ‘Tianqing Liu <tianqingliu@gmail.com>’
No Authors@R field in DESCRIPTION.
Please add one, modifying
Authors@R: c(person(given = "Tianqing",
family = "Liu",
role = c("aut", "cre"),
email = "tianqingliu@gmail.com"),
person(given = "Nan",
family = "Lin",
role = "aut"),
person(given = "Ningzhong",
family = "Shi",
role = "aut"),
person(given = "Baoxue",
family = "Zhang",
role = "aut"))
as necessary.
Flavors: r-devel-linux-x86_64-debian-clang, r-devel-linux-x86_64-debian-gcc
Version: 1.0-2
Check: for non-standard things in the check directory
Result: NOTE
Found the following files/directories:
‘cluster of fitted mean data.eps’ ‘cluster of fitted mean data.txt’
‘cluster of raw data.txt’
Flavors: r-devel-linux-x86_64-debian-clang, r-devel-linux-x86_64-debian-gcc, r-devel-linux-x86_64-fedora-clang, r-devel-linux-x86_64-fedora-gcc, r-patched-linux-x86_64, r-release-linux-x86_64