CRAN Package Check Results for Package PCADSC

Last updated on 2025-07-24 09:50:06 CEST.

Flavor Version Tinstall Tcheck Ttotal Status Flags
r-devel-linux-x86_64-debian-clang 0.8.0 5.58 53.40 58.98 OK
r-devel-linux-x86_64-debian-gcc 0.8.0 4.65 37.16 41.81 OK
r-devel-linux-x86_64-fedora-clang 0.8.0 91.67 NOTE
r-devel-linux-x86_64-fedora-gcc 0.8.0 86.00 NOTE
r-devel-windows-x86_64 0.8.0 8.00 67.00 75.00 OK
r-patched-linux-x86_64 0.8.0 5.78 49.32 55.10 OK
r-release-linux-x86_64 0.8.0 5.66 49.65 55.31 OK
r-release-macos-arm64 0.8.0 26.00 OK
r-release-macos-x86_64 0.8.0 49.00 OK
r-release-windows-x86_64 0.8.0 8.00 67.00 75.00 OK
r-oldrel-macos-arm64 0.8.0 26.00 NOTE
r-oldrel-macos-x86_64 0.8.0 43.00 NOTE
r-oldrel-windows-x86_64 0.8.0 9.00 78.00 87.00 NOTE

Check Details

Version: 0.8.0
Check: dependencies in R code
Result: NOTE Namespaces in Imports field not imported from: ‘Matrix’ ‘pander’ All declared Imports should be used. Flavors: r-devel-linux-x86_64-fedora-clang, r-devel-linux-x86_64-fedora-gcc

Version: 0.8.0
Check: LazyData
Result: NOTE 'LazyData' is specified without a 'data' directory Flavors: r-oldrel-macos-arm64, r-oldrel-macos-x86_64, r-oldrel-windows-x86_64