Last updated on 2025-10-25 09:49:38 CEST.
| Flavor | Version | Tinstall | Tcheck | Ttotal | Status | Flags |
|---|---|---|---|---|---|---|
| r-devel-linux-x86_64-debian-clang | 0.1.0 | 5.92 | 37.69 | 43.61 | NOTE | |
| r-devel-linux-x86_64-debian-gcc | 0.1.0 | 4.05 | 28.78 | 32.83 | NOTE | |
| r-devel-linux-x86_64-fedora-clang | 0.1.0 | 14.00 | 54.03 | 68.03 | NOTE | |
| r-devel-linux-x86_64-fedora-gcc | 0.1.0 | 12.00 | 64.65 | 76.65 | NOTE | |
| r-devel-windows-x86_64 | 0.1.0 | 7.00 | 53.00 | 60.00 | NOTE | |
| r-patched-linux-x86_64 | 0.1.0 | 5.60 | 35.21 | 40.81 | NOTE | |
| r-release-linux-x86_64 | 0.1.0 | 5.44 | 35.37 | 40.81 | NOTE | |
| r-release-macos-arm64 | 0.1.0 | 3.00 | 30.00 | 33.00 | NOTE | |
| r-release-macos-x86_64 | 0.1.0 | 6.00 | 47.00 | 53.00 | NOTE | |
| r-release-windows-x86_64 | 0.1.0 | 7.00 | 55.00 | 62.00 | NOTE | |
| r-oldrel-macos-arm64 | 0.1.0 | 3.00 | 25.00 | 28.00 | NOTE | |
| r-oldrel-macos-x86_64 | 0.1.0 | 5.00 | 37.00 | 42.00 | NOTE | |
| r-oldrel-windows-x86_64 | 0.1.0 | 10.00 | 69.00 | 79.00 | NOTE |
Version: 0.1.0
Check: Rd files
Result: NOTE
checkRd: (-1) PakPMICS2018mn.Rd:243: Lost braces in \enumerate; meant \describe ?
checkRd: (-1) PakPMICS2018mn.Rd:244: Lost braces in \enumerate; meant \describe ?
Flavors: r-devel-linux-x86_64-debian-clang, r-devel-linux-x86_64-debian-gcc, r-devel-linux-x86_64-fedora-clang, r-devel-linux-x86_64-fedora-gcc, r-devel-windows-x86_64, r-patched-linux-x86_64, r-release-linux-x86_64, r-release-macos-arm64, r-release-macos-x86_64, r-release-windows-x86_64, r-oldrel-macos-arm64, r-oldrel-macos-x86_64, r-oldrel-windows-x86_64