Last updated on 2025-10-21 09:48:41 CEST.
Flavor | Version | Tinstall | Tcheck | Ttotal | Status | Flags |
---|---|---|---|---|---|---|
r-devel-linux-x86_64-debian-clang | 2.1.0 | 24.03 | 288.34 | 312.37 | NOTE | |
r-devel-linux-x86_64-debian-gcc | 2.1.0 | 14.22 | 177.47 | 191.69 | NOTE | |
r-devel-linux-x86_64-fedora-clang | 2.1.0 | 490.04 | OK | |||
r-devel-linux-x86_64-fedora-gcc | 2.1.0 | 722.95 | OK | |||
r-devel-windows-x86_64 | 2.1.0 | 26.00 | 164.00 | 190.00 | OK | --no-vignettes |
r-patched-linux-x86_64 | 2.1.0 | 25.21 | 280.67 | 305.88 | NOTE | |
r-release-linux-x86_64 | 2.1.0 | 21.98 | 276.46 | 298.44 | NOTE | |
r-release-macos-arm64 | 2.1.0 | 222.00 | OK | |||
r-release-macos-x86_64 | 2.1.0 | 470.00 | OK | |||
r-release-windows-x86_64 | 2.1.0 | 26.00 | 170.00 | 196.00 | OK | --no-vignettes |
r-oldrel-macos-arm64 | 2.1.0 | 166.00 | OK | |||
r-oldrel-macos-x86_64 | 2.1.0 | 413.00 | OK | |||
r-oldrel-windows-x86_64 | 2.1.0 | 38.00 | 185.00 | 223.00 | OK | --no-vignettes |
Version: 2.1.0
Check: for unstated dependencies in ‘demo’
Result: NOTE
'::' or ':::' import not declared from: ‘RPESE’
'library' or 'require' calls not declared from:
‘TTR’ ‘doMC’
Flavors: r-devel-linux-x86_64-debian-clang, r-devel-linux-x86_64-debian-gcc, r-patched-linux-x86_64, r-release-linux-x86_64
Version: 2.1.0
Check: HTML version of manual
Result: NOTE
Found the following HTML validation problems:
CCCgarch.MM.html:56:1 (CCCgarch.MM.Rd:14): Warning: missing </ul> before </div>
extract_risk.html:62:1 (extract_risk.Rd:18): Warning: missing </ul> before </div>
name.replace.html:46:1 (name.replace.Rd:10): Warning: missing </ul> before </div>
set.portfolio.moments_v1.html:59:1 (set.portfolio.moments_v1.Rd:17): Warning: missing </ul> before </div>
summary.optimize.portfolio.rebalancing.html:51:1 (summary.optimize.portfolio.rebalancing.Rd:12): Warning: missing </ul> before </div>
Flavor: r-devel-linux-x86_64-debian-gcc