Last updated on 2025-10-22 09:50:50 CEST.
Flavor | Version | Tinstall | Tcheck | Ttotal | Status | Flags |
---|---|---|---|---|---|---|
r-devel-linux-x86_64-debian-clang | 0.1.1 | 10.20 | 48.86 | 59.06 | NOTE | |
r-devel-linux-x86_64-debian-gcc | 0.1.1 | 6.99 | 34.64 | 41.63 | NOTE | |
r-devel-linux-x86_64-fedora-clang | 0.1.1 | 56.00 | 44.85 | 100.85 | OK | |
r-devel-linux-x86_64-fedora-gcc | 0.1.1 | 22.00 | 68.27 | 90.27 | OK | |
r-devel-windows-x86_64 | 0.1.1 | 15.00 | 76.00 | 91.00 | OK | |
r-patched-linux-x86_64 | 0.1.1 | 9.99 | 46.70 | 56.69 | OK | |
r-release-linux-x86_64 | 0.1.1 | 9.78 | 46.44 | 56.22 | OK | |
r-release-macos-arm64 | 0.1.1 | 7.00 | 30.00 | 37.00 | OK | |
r-release-macos-x86_64 | 0.1.1 | 9.00 | 52.00 | 61.00 | OK | |
r-release-windows-x86_64 | 0.1.1 | 17.00 | 83.00 | 100.00 | OK | |
r-oldrel-macos-arm64 | 0.1.1 | 6.00 | 27.00 | 33.00 | OK | |
r-oldrel-macos-x86_64 | 0.1.1 | 10.00 | 40.00 | 50.00 | OK | |
r-oldrel-windows-x86_64 | 0.1.1 | 17.00 | 100.00 | 117.00 | OK |
Version: 0.1.1
Check: CRAN incoming feasibility
Result: NOTE
Maintainer: ‘Mateu Menendez-Serra <mateu.menendez@ceab.csic.es>’
No Authors@R field in DESCRIPTION.
Please add one, modifying
Authors@R: c(person(given = "Mateu",
family = "Menendez-Serra",
role = c("aut", "cre"),
email = "mateu.menendez@ceab.csic.es"),
person(given = c("Vicente", "J."),
family = "Ontiveros",
role = "aut"),
person(given = c("Emilio", "O."),
family = "Casamayor",
role = "aut"),
person(given = "David",
family = "Alonso",
role = "aut"))
as necessary.
Found the following URLs which should use \doi (with the DOI name only):
File ‘RTCC.Rd’:
https://doi.org/10.1038/s41396-019-0454-4
Flavors: r-devel-linux-x86_64-debian-clang, r-devel-linux-x86_64-debian-gcc