CRAN Package Check Results for Package ReadDIM

Last updated on 2025-10-22 09:50:48 CEST.

Flavor Version Tinstall Tcheck Ttotal Status Flags
r-devel-linux-x86_64-debian-clang 0.2.11 29.84 231.08 260.92 NOTE
r-devel-linux-x86_64-debian-gcc 0.2.11 17.19 141.89 159.08 NOTE
r-devel-linux-x86_64-fedora-clang 0.2.11 246.00 251.87 497.87 OK
r-devel-linux-x86_64-fedora-gcc 0.2.11 62.00 325.71 387.71 OK
r-devel-windows-x86_64 0.2.11 25.00 172.00 197.00 OK
r-patched-linux-x86_64 0.2.11 26.94 216.70 243.64 OK
r-release-linux-x86_64 0.2.11 25.39 214.95 240.34 OK
r-release-macos-arm64 0.2.11 9.00 67.00 76.00 OK
r-release-macos-x86_64 0.2.11 18.00 164.00 182.00 OK
r-release-windows-x86_64 0.2.11 24.00 172.00 196.00 OK
r-oldrel-macos-arm64 0.2.11 10.00 65.00 75.00 OK
r-oldrel-macos-x86_64 0.2.11 15.00 129.00 144.00 OK
r-oldrel-windows-x86_64 0.2.11 36.00 249.00 285.00 OK

Check Details

Version: 0.2.11
Check: CRAN incoming feasibility
Result: NOTE Maintainer: ‘Subhadip Datta <subhadipdatta007@gmail.com>’ No Authors@R field in DESCRIPTION. Please add one, modifying Authors@R: person(given = "Subhadip", family = "Datta", role = c("aut", "cre"), email = "subhadipdatta007@gmail.com") as necessary. Flavors: r-devel-linux-x86_64-debian-clang, r-devel-linux-x86_64-debian-gcc