CRAN Package Check Results for Package Rpolyhedra

Last updated on 2025-10-21 09:48:45 CEST.

Flavor Version Tinstall Tcheck Ttotal Status Flags
r-devel-linux-x86_64-debian-clang 0.5.6 17.53 102.41 119.94 OK
r-devel-linux-x86_64-debian-gcc 0.5.6 13.22 77.76 90.98 NOTE
r-devel-linux-x86_64-fedora-clang 0.5.6 202.57 OK
r-devel-linux-x86_64-fedora-gcc 0.5.6 201.82 OK
r-devel-windows-x86_64 0.5.6 20.00 107.00 127.00 OK
r-patched-linux-x86_64 0.5.6 15.79 97.39 113.18 OK
r-release-linux-x86_64 0.5.6 17.88 96.94 114.82 OK
r-release-macos-arm64 0.5.6 62.00 OK
r-release-macos-x86_64 0.5.6 116.00 OK
r-release-windows-x86_64 0.5.6 22.00 110.00 132.00 OK
r-oldrel-macos-arm64 0.5.6 90.00 OK
r-oldrel-macos-x86_64 0.5.6 115.00 OK
r-oldrel-windows-x86_64 0.5.6 26.00 140.00 166.00 OK

Check Details

Version: 0.5.6
Check: HTML version of manual
Result: NOTE Found the following HTML validation problems: PolyhedraDatabase.html:901:1 (PolyhedraDatabase.Rd:536): Warning: missing </ul> before </div> PolyhedraDatabase.html:152:1 (PolyhedraDatabase.Rd:69): Warning: <h5> anchor "Usage" already defined PolyhedraDatabase.html:158:1 (PolyhedraDatabase.Rd:73): Warning: <h5> anchor "Returns" already defined PolyhedraDatabase.html:175:1 (PolyhedraDatabase.Rd:82): Warning: <h5> anchor "Usage" already defined PolyhedraDatabase.html:181:1 (PolyhedraDatabase.Rd:86): Warning: <h5> anchor "Returns" already defined PolyhedraDatabase.html:199:1 (PolyhedraDatabase.Rd:96): Warning: <h5> anchor "Usage" already defined PolyhedraDatabase.html:218:1 (PolyhedraDatabase.Rd:107): Warning: <h5> anchor "Returns" already defined PolyhedraDatabase.html:235:1 (PolyhedraDatabase.Rd:116): Warning: <h5> anchor "Usage" already defined PolyhedraDatabase.html:241:1 (PolyhedraDatabase.Rd:120): Warning: <h5> anchor "Arguments" already defined PolyhedraDatabase.html:254:1 (PolyhedraDatabase.Rd:127): Warning: <h5> anchor "Returns" already defined PolyhedraDatabase.html:272:1 (PolyhedraDatabase.Rd:137): Warning: <h5> anchor "Usage" already defined PolyhedraDatabase.html:278:1 (PolyhedraDatabase.Rd:141): Warning: <h5> anchor "Arguments" already defined PolyhedraDatabase.html:293:1 (PolyhedraDatabase.Rd:150): Warning: <h5> anchor "Returns" already defined PolyhedraDatabase.html:310:1 (PolyhedraDatabase.Rd:159): Warning: <h5> anchor "Usage" already defined PolyhedraDatabase.html:316:1 (PolyhedraDatabase.Rd:163): Warning: <h5> anchor "Arguments" already defined PolyhedraDatabase.html:331:1 (PolyhedraDatabase.Rd:172): Warning: <h5> anchor "Returns" already defined PolyhedraDatabase.html:348:1 (PolyhedraDatabase.Rd:181): Warning: <h5> anchor "Usage" already defined PolyhedraDatabase.html:354:1 (PolyhedraDatabase.Rd:185): Warning: <h5> anchor "Arguments" already defined PolyhedraDatabase.html:371:1 (PolyhedraDatabase.Rd:196): Warning: <h5> anchor "Returns" already defined PolyhedraDatabase.html:389:1 (PolyhedraDatabase.Rd:206): Warning: <h5> anchor "Usage" already defined PolyhedraDatabase.html:399:1 (PolyhedraDatabase.Rd:214): Warning: <h5> anchor "Arguments" already defined PolyhedraDatabase.html:416:1 (PolyhedraDatabase.Rd:225): Warning: <h5> anchor "Returns" already defined PolyhedraDatabase.html:433:1 (PolyhedraDatabase.Rd:234): Warning: <h5> anchor "Usage" already defined PolyhedraDatabase.html:445:1 (PolyhedraDatabase.Rd:244): Warning: <h5> anchor "Arguments" already defined PolyhedraDatabase.html:466:1 (PolyhedraDatabase.Rd:259): Warning: <h5> anchor "Returns" already defined PolyhedraDatabase.html:483:1 (PolyhedraDatabase.Rd:268): Warning: <h5> anchor "Usage" already defined PolyhedraDatabase.html:494:1 (PolyhedraDatabase.Rd:277): Warning: <h5> anchor "Arguments" already defined PolyhedraDatabase.html:513:1 (PolyhedraDatabase.Rd:290): Warning: <h5> anchor "Returns" already defined PolyhedraDatabase.html:530:1 (PolyhedraDatabase.Rd:299): Warning: <h5> anchor "Usage" already defined PolyhedraDatabase.html:536:1 (PolyhedraDatabase.Rd:303): Warning: <h5> anchor "Arguments" already defined PolyhedraDatabase.html:549:1 (PolyhedraDatabase.Rd:310): Warning: <h5> anchor "Returns" already defined PolyhedraDatabase.html:566:1 (PolyhedraDatabase.Rd:319): Warning: <h5> anchor "Usage" already defined PolyhedraDatabase.html:580:1 (PolyhedraDatabase.Rd:331): Warning: <h5> anchor "Arguments" already defined PolyhedraDatabase.html:605:1 (PolyhedraDatabase.Rd:350): Warning: <h5> anchor "Returns" already defined PolyhedraDatabase.html:622:1 (PolyhedraDatabase.Rd:359): Warning: <h5> anchor "Usage" already defined PolyhedraDatabase.html:635:1 (PolyhedraDatabase.Rd:370): Warning: <h5> anchor "Arguments" already defined PolyhedraDatabase.html:662:1 (PolyhedraDatabase.Rd:391): Warning: <h5> anchor "Returns" already defined PolyhedraDatabase.html:679:1 (PolyhedraDatabase.Rd:400): Warning: <h5> anchor "Usage" already defined PolyhedraDatabase.html:685:1 (PolyhedraDatabase.Rd:404): Warning: <h5> anchor "Arguments" already defined PolyhedraDatabase.html:700:1 (PolyhedraDatabase.Rd:413): Warning: <h5> anchor "Returns" already defined PolyhedraDatabase.html:717:1 (PolyhedraDatabase.Rd:422): Warning: <h5> anchor "Usage" already defined PolyhedraDatabase.html:728:1 (PolyhedraDatabase.Rd:431): Warning: <h5> anchor "Arguments" already defined PolyhedraDatabase.html:747:1 (PolyhedraDatabase.Rd:444): Warning: <h5> anchor "Returns" already defined PolyhedraDatabase.html:764:1 (PolyhedraDatabase.Rd:453): Warning: <h5> anchor "Usage" already defined PolyhedraDatabase.html:775:1 (PolyhedraDatabase.Rd:462): Warning: <h5> anchor "Arguments" already defined PolyhedraDatabase.html:794:1 (PolyhedraDatabase.Rd:475): Warning: <h5> anchor "Returns" already defined PolyhedraDatabase.html:811:1 (PolyhedraDatabase.Rd:484): Warning: <h5> anchor "Usage" already defined PolyhedraDatabase.html:817:1 (PolyhedraDatabase.Rd:488): Warning: <h5> anchor "Returns" already defined PolyhedraDatabase.html:834:1 (PolyhedraDatabase.Rd:497): Warning: <h5> anchor "Usage" already defined PolyhedraDatabase.html:844:1 (PolyhedraDatabase.Rd:505): Warning: <h5> anchor "Arguments" already defined PolyhedraDatabase.html:861:1 (PolyhedraDatabase.Rd:516): Warning: <h5> anchor "Returns" already defined PolyhedraDatabase.html:878:1 (PolyhedraDatabase.Rd:525): Warning: <h5> anchor "Usage" already defined PolyhedraDatabase.html:884:1 (PolyhedraDatabase.Rd:529): Warning: <h5> anchor "Arguments" already defined Polyhedron.html:141:1 (Polyhedron.Rd:69): Warning: <h5> anchor "Usage" already defined Polyhedron.html:147:1 (Polyhedron.Rd:73): Warning: <h5> anchor "Arguments" already defined Polyhedron.html:160:1 (Polyhedron.Rd:80): Warning: <h5> anchor "Returns" already defined Polyhedron.html:177:1 (Polyhedron.Rd:89): Warning: <h5> anchor "Usage" already defined Polyhedron.html:183:1 (Polyhedron.Rd:93): Warning: <h5> anchor "Arguments" already defined Polyhedron.html:196:1 (Polyhedron.Rd:100): Warning: <h5> anchor "Returns" already defined Polyhedron.html:213:1 (Polyhedron.Rd:109): Warning: <h5> anchor "Usage" already defined Polyhedron.html:219:1 (Polyhedron.Rd:113): Warning: <h5> anchor "Arguments" already defined Polyhedron.html:232:1 (Polyhedron.Rd:120): Warning: <h5> anchor "Returns" already defined Polyhedron.html:249:1 (Polyhedron.Rd:129): Warning: <h5> anchor "Usage" already defined Polyhedron.html:255:1 (Polyhedron.Rd:133): Warning: <h5> anchor "Returns" already defined Polyhedron.html:272:1 (Polyhedron.Rd:142): Warning: <h5> anchor "Usage" already defined Polyhedron.html:278:1 (Polyhedron.Rd:146): Warning: <h5> anchor "Returns" already defined Polyhedron.html:295:1 (Polyhedron.Rd:155): Warning: <h5> anchor "Usage" already defined Polyhedron.html:301:1 (Polyhedron.Rd:159): Warning: <h5> anchor "Returns" already defined Polyhedron.html:318:1 (Polyhedron.Rd:168): Warning: <h5> anchor "Usage" already defined Polyhedron.html:324:1 (Polyhedron.Rd:172): Warning: <h5> anchor "Returns" already defined Polyhedron.html:341:1 (Polyhedron.Rd:181): Warning: <h5> anchor "Usage" already defined Polyhedron.html:347:1 (Polyhedron.Rd:185): Warning: <h5> anchor "Arguments" already defined Polyhedron.html:360:1 (Polyhedron.Rd:192): Warning: <h5> anchor "Returns" already defined Polyhedron.html:377:1 (Polyhedron.Rd:201): Warning: <h5> anchor "Usage" already defined Polyhedron.html:383:1 (Polyhedron.Rd:205): Warning: <h5> anchor "Returns" already defined Polyhedron.html:400:1 (Polyhedron.Rd:214): Warning: <h5> anchor "Usage" already defined Polyhedron.html:406:1 (Polyhedron.Rd:218): Warning: <h5> anchor "Returns" already defined Polyhedron.html:423:1 (Polyhedron.Rd:227): Warning: <h5> anchor "Usage" already defined Polyhedron.html:429:1 (Polyhedron.Rd:231): Warning: <h5> anchor "Arguments" already defined Polyhedron.html:444:1 (Polyhedron.Rd:240): Warning: <h5> anchor "Returns" already defined Polyhedron.html:461:1 (Polyhedron.Rd:249): Warning: <h5> anchor "Usage" already defined Polyhedron.html:467:1 (Polyhedron.Rd:253): Warning: <h5> anchor "Arguments" already defined PolyhedronState.html:134:1 (PolyhedronState.Rd:69): Warning: <h5> anchor "Usage" already defined PolyhedronState.html:140:1 (PolyhedronState.Rd:73): Warning: <h5> anchor "Arguments" already defined PolyhedronState.html:163:1 (PolyhedronState.Rd:86): Warning: <h5> anchor "Usage" already defined PolyhedronState.html:179:1 (PolyhedronState.Rd:96): Warning: <h5> anchor "Usage" already defined PolyhedronState.html:185:1 (PolyhedronState.Rd:100): Warning: <h5> anchor "Returns" already defined PolyhedronState.html:202:1 (PolyhedronState.Rd:109): Warning: <h5> anchor "Usage" already defined PolyhedronState.html:218:1 (PolyhedronState.Rd:119): Warning: <h5> anchor "Usage" already defined PolyhedronState.html:234:1 (PolyhedronState.Rd:129): Warning: <h5> anchor "Usage" already defined PolyhedronState.html:240:1 (PolyhedronState.Rd:133): Warning: <h5> anchor "Arguments" already defined PolyhedronState.html:263:1 (PolyhedronState.Rd:146): Warning: <h5> anchor "Usage" already defined PolyhedronState.html:269:1 (PolyhedronState.Rd:150): Warning: <h5> anchor "Arguments" already defined PolyhedronState.html:292:1 (PolyhedronState.Rd:163): Warning: <h5> anchor "Usage" already defined PolyhedronState.html:308:1 (PolyhedronState.Rd:173): Warning: <h5> anchor "Usage" already defined PolyhedronState.html:314:1 (PolyhedronState.Rd:177): Warning: <h5> anchor "Arguments" already defined PolyhedronStateDefined.html:251:1 (PolyhedronStateDefined.Rd:156): Warning: <h5> anchor "Usage" already defined PolyhedronStateDefined.html:257:1 (PolyhedronStateDefined.Rd:160): Warning: <h5> anchor "Returns" already defined PolyhedronStateDefined.html:274:1 (PolyhedronStateDefined.Rd:169): Warning: <h5> anchor "Usage" already defined PolyhedronStateDefined.html:280:1 (PolyhedronStateDefined.Rd:173): Warning: <h5> anchor "Arguments" already defined PolyhedronStateDefined.html:293:1 (PolyhedronStateDefined.Rd:180): Warning: <h5> anchor "Returns" already defined PolyhedronStateDefined.html:310:1 (PolyhedronStateDefined.Rd:189): Warning: <h5> anchor "Usage" already defined PolyhedronStateDefined.html:316:1 (PolyhedronStateDefined.Rd:193): Warning: <h5> anchor "Returns" already defined PolyhedronStateDefined.html:333:1 (PolyhedronStateDefined.Rd:202): Warning: <h5> anchor "Usage" already defined PolyhedronStateDefined.html:339:1 (PolyhedronStateDefined.Rd:206): Warning: <h5> anchor "Returns" already defined PolyhedronStateDefined.html:356:1 (PolyhedronStateDefined.Rd:215): Warning: <h5> anchor "Usage" already defined PolyhedronStateDefined.html:362:1 (PolyhedronStateDefined.Rd:219): Warning: <h5> anchor "Arguments" already defined PolyhedronStateDefined.html:375:1 (PolyhedronStateDefined.Rd:226): Warning: <h5> anchor "Returns" already defined PolyhedronStateDefined.html:392:1 (PolyhedronStateDefined.Rd:235): Warning: <h5> anchor "Usage" already defined PolyhedronStateDefined.html:398:1 (PolyhedronStateDefined.Rd:239): Warning: <h5> anchor "Arguments" already defined PolyhedronStateDefined.html:421:1 (PolyhedronStateDefined.Rd:252): Warning: <h5> anchor "Usage" already defined PolyhedronStateDefined.html:437:1 (PolyhedronStateDefined.Rd:262): Warning: <h5> anchor "Usage" already defined PolyhedronStateDefined.html:453:1 (PolyhedronStateDefined.Rd:272): Warning: <h5> anchor "Usage" already defined PolyhedronStateDefined.html:459:1 (PolyhedronStateDefined.Rd:276): Warning: <h5> anchor "Arguments" already defined PolyhedronStateDefined.html:482:1 (PolyhedronStateDefined.Rd:289): Warning: <h5> anchor "Usage" already defined PolyhedronStateDefined.html:498:1 (PolyhedronStateDefined.Rd:299): Warning: <h5> anchor "Usage" already defined PolyhedronStateDefined.html:504:1 (PolyhedronStateDefined.Rd:303): Warning: <h5> anchor "Arguments" already defined PolyhedronStateDefined.html:527:1 (PolyhedronStateDefined.Rd:316): Warning: <h5> anchor "Usage" already defined PolyhedronStateDefined.html:536:1 (PolyhedronStateDefined.Rd:323): Warning: <h5> anchor "Arguments" already defined PolyhedronStateDefined.html:551:1 (PolyhedronStateDefined.Rd:332): Warning: <h5> anchor "Returns" already defined PolyhedronStateDefined.html:568:1 (PolyhedronStateDefined.Rd:341): Warning: <h5> anchor "Usage" already defined PolyhedronStateDefined.html:577:1 (PolyhedronStateDefined.Rd:348): Warning: <h5> anchor "Arguments" already defined PolyhedronStateDefined.html:602:1 (PolyhedronStateDefined.Rd:363): Warning: <h5> anchor "Usage" already defined PolyhedronStateDefined.html:608:1 (PolyhedronStateDefined.Rd:367): Warning: <h5> anchor "Arguments" already defined PolyhedronStateDefined.html:631:1 (PolyhedronStateDefined.Rd:380): Warning: <h5> anchor "Usage" already defined PolyhedronStateDefined.html:640:1 (PolyhedronStateDefined.Rd:387): Warning: <h5> anchor "Arguments" already defined PolyhedronStateDefined.html:665:1 (PolyhedronStateDefined.Rd:402): Warning: <h5> anchor "Usage" already defined PolyhedronStateDefined.html:681:1 (PolyhedronStateDefined.Rd:412): Warning: <h5> anchor "Usage" already defined PolyhedronStateDefined.html:687:1 (PolyhedronStateDefined.Rd:416): Warning: <h5> anchor "Arguments" already defined PolyhedronStateDefined.html:700:1 (PolyhedronStateDefined.Rd:423): Warning: <h5> anchor "Returns" already defined PolyhedronStateDefined.html:717:1 (PolyhedronStateDefined.Rd:432): Warning: <h5> anchor "Usage" already defined PolyhedronStateDefined.html:723:1 (PolyhedronStateDefined.Rd:436): Warning: <h5> anchor "Arguments" already defined PolyhedronStateDefined.html:746:1 (PolyhedronStateDefined.Rd:449): Warning: <h5> anchor "Usage" already defined PolyhedronStateDefined.html:762:1 (PolyhedronStateDefined.Rd:459): Warning: <h5> anchor "Usage" already defined PolyhedronStateDefined.html:768:1 (PolyhedronStateDefined.Rd:463): Warning: <h5> anchor "Arguments" already defined PolyhedronStateDefined.html:791:1 (PolyhedronStateDefined.Rd:476): Warning: <h5> anchor "Usage" already defined PolyhedronStateDefined.html:807:1 (PolyhedronStateDefined.Rd:486): Warning: <h5> anchor "Usage" already defined PolyhedronStateDefined.html:813:1 (PolyhedronStateDefined.Rd:490): Warning: <h5> anchor "Arguments" already defined PolyhedronStateDeserializer.html:124:1 (PolyhedronStateDeserializer.Rd:69): Warning: <h5> anchor "Usage" already defined PolyhedronStateDeserializer.html:130:1 (PolyhedronStateDeserializer.Rd:73): Warning: <h5> anchor "Returns" already defined PolyhedronStateDeserializer.html:147:1 (PolyhedronStateDeserializer.Rd:82): Warning: <h5> anchor "Usage" already defined PolyhedronStateDeserializer.html:153:1 (PolyhedronStateDeserializer.Rd:86): Warning: <h5> anchor "Arguments" already defined PolyhedronStateDmccooeyScraper.html:166:1 (PolyhedronStateDmccooeyScraper.Rd:95): Warning: <h5> anchor "Usage" already defined PolyhedronStateDmccooeyScraper.html:172:1 (PolyhedronStateDmccooeyScraper.Rd:99): Warning: <h5> anchor "Returns" already defined PolyhedronStateDmccooeyScraper.html:189:1 (PolyhedronStateDmccooeyScraper.Rd:108): Warning: <h5> anchor "Usage" already defined PolyhedronStateDmccooeyScraper.html:195:1 (PolyhedronStateDmccooeyScraper.Rd:112): Warning: <h5> anchor "Arguments" already defined PolyhedronStateDmccooeyScraper.html:208:1 (PolyhedronStateDmccooeyScraper.Rd:119): Warning: <h5> anchor "Returns" already defined PolyhedronStateDmccooeyScraper.html:225:1 (PolyhedronStateDmccooeyScraper.Rd:128): Warning: <h5> anchor "Usage" already defined PolyhedronStateDmccooeyScraper.html:231:1 (PolyhedronStateDmccooeyScraper.Rd:132): Warning: <h5> anchor "Arguments" already defined PolyhedronStateDmccooeyScraper.html:244:1 (PolyhedronStateDmccooeyScraper.Rd:139): Warning: <h5> anchor "Returns" already defined PolyhedronStateDmccooeyScraper.html:261:1 (PolyhedronStateDmccooeyScraper.Rd:148): Warning: <h5> anchor "Usage" already defined PolyhedronStateDmccooeyScraper.html:267:1 (PolyhedronStateDmccooeyScraper.Rd:152): Warning: <h5> anchor "Arguments" already defined PolyhedronStateDmccooeyScraper.html:280:1 (PolyhedronStateDmccooeyScraper.Rd:159): Warning: <h5> anchor "Returns" already defined PolyhedronStateDmccooeyScraper.html:297:1 (PolyhedronStateDmccooeyScraper.Rd:168): Warning: <h5> anchor "Usage" already defined PolyhedronStateDmccooeyScraper.html:303:1 (PolyhedronStateDmccooeyScraper.Rd:172): Warning: <h5> anchor "Returns" already defined PolyhedronStateDmccooeyScraper.html:320:1 (PolyhedronStateDmccooeyScraper.Rd:181): Warning: <h5> anchor "Usage" already defined PolyhedronStateDmccooeyScraper.html:326:1 (PolyhedronStateDmccooeyScraper.Rd:185): Warning: <h5> anchor "Returns" already defined PolyhedronStateDmccooeyScraper.html:343:1 (PolyhedronStateDmccooeyScraper.Rd:194): Warning: <h5> anchor "Usage" already defined PolyhedronStateDmccooeyScraper.html:349:1 (PolyhedronStateDmccooeyScraper.Rd:198): Warning: <h5> anchor "Arguments" already defined PolyhedronStateDmccooeyScraper.html:372:1 (PolyhedronStateDmccooeyScraper.Rd:211): Warning: <h5> anchor "Usage" already defined PolyhedronStateDmccooeyScraper.html:378:1 (PolyhedronStateDmccooeyScraper.Rd:215): Warning: <h5> anchor "Arguments" already defined PolyhedronStateDmccooeyScraper.html:401:1 (PolyhedronStateDmccooeyScraper.Rd:228): Warning: <h5> anchor "Usage" already defined PolyhedronStateDmccooeyScraper.html:417:1 (PolyhedronStateDmccooeyScraper.Rd:238): Warning: <h5> anchor "Usage" already defined PolyhedronStateDmccooeyScraper.html:423:1 (PolyhedronStateDmccooeyScraper.Rd:242): Warning: <h5> anchor "Arguments" already defined PolyhedronStateNetlibScraper.html:162:1 (PolyhedronStateNetlibScraper.Rd:85): Warning: <h5> anchor "Usage" already defined PolyhedronStateNetlibScraper.html:168:1 (PolyhedronStateNetlibScraper.Rd:89): Warning: <h5> anchor "Arguments" already defined PolyhedronStateNetlibScraper.html:193:1 (PolyhedronStateNetlibScraper.Rd:104): Warning: <h5> anchor "Usage" already defined PolyhedronStateNetlibScraper.html:199:1 (PolyhedronStateNetlibScraper.Rd:108): Warning: <h5> anchor "Returns" already defined PolyhedronStateNetlibScraper.html:216:1 (PolyhedronStateNetlibScraper.Rd:117): Warning: <h5> anchor "Usage" already defined PolyhedronStateNetlibScraper.html:222:1 (PolyhedronStateNetlibScraper.Rd:121): Warning: <h5> anchor "Arguments" already defined PolyhedronStateNetlibScraper.html:237:1 (PolyhedronStateNetlibScraper.Rd:130): Warning: <h5> anchor "Returns" already defined PolyhedronStateNetlibScraper.html:254:1 (PolyhedronStateNetlibScraper.Rd:139): Warning: <h5> anchor "Usage" already defined PolyhedronStateNetlibScraper.html:260:1 (PolyhedronStateNetlibScraper.Rd:143): Warning: <h5> anchor "Arguments" already defined PolyhedronStateNetlibScraper.html:273:1 (PolyhedronStateNetlibScraper.Rd:150): Warning: <h5> anchor "Returns" already defined PolyhedronStateNetlibScraper.html:290:1 (PolyhedronStateNetlibScraper.Rd:159): Warning: <h5> anchor "Usage" already defined PolyhedronStateNetlibScraper.html:296:1 (PolyhedronStateNetlibScraper.Rd:163): Warning: <h5> anchor "Arguments" already defined PolyhedronStateNetlibScraper.html:309:1 (PolyhedronStateNetlibScraper.Rd:170): Warning: <h5> anchor "Returns" already defined PolyhedronStateNetlibScraper.html:326:1 (PolyhedronStateNetlibScraper.Rd:179): Warning: <h5> anchor "Usage" already defined PolyhedronStateNetlibScraper.html:332:1 (PolyhedronStateNetlibScraper.Rd:183): Warning: <h5> anchor "Arguments" already defined PolyhedronStateNetlibScraper.html:345:1 (PolyhedronStateNetlibScraper.Rd:190): Warning: <h5> anchor "Returns" already defined PolyhedronStateNetlibScraper.html:362:1 (PolyhedronStateNetlibScraper.Rd:199): Warning: <h5> anchor "Usage" already defined PolyhedronStateNetlibScraper.html:368:1 (PolyhedronStateNetlibScraper.Rd:203): Warning: <h5> anchor "Arguments" already defined PolyhedronStateNetlibScraper.html:381:1 (PolyhedronStateNetlibScraper.Rd:210): Warning: <h5> anchor "Returns" already defined PolyhedronStateNetlibScraper.html:398:1 (PolyhedronStateNetlibScraper.Rd:219): Warning: <h5> anchor "Usage" already defined PolyhedronStateNetlibScraper.html:404:1 (PolyhedronStateNetlibScraper.Rd:223): Warning: <h5> anchor "Returns" already defined PolyhedronStateNetlibScraper.html:421:1 (PolyhedronStateNetlibScraper.Rd:232): Warning: <h5> anchor "Usage" already defined PolyhedronStateNetlibScraper.html:427:1 (PolyhedronStateNetlibScraper.Rd:236): Warning: <h5> anchor "Returns" already defined PolyhedronStateNetlibScraper.html:444:1 (PolyhedronStateNetlibScraper.Rd:245): Warning: <h5> anchor "Usage" already defined PolyhedronStateNetlibScraper.html:450:1 (PolyhedronStateNetlibScraper.Rd:249): Warning: <h5> anchor "Arguments" already defined PolyhedronStateNetlibScraper.html:473:1 (PolyhedronStateNetlibScraper.Rd:262): Warning: <h5> anchor "Usage" already defined PolyhedronStateNetlibScraper.html:479:1 (PolyhedronStateNetlibScraper.Rd:266): Warning: <h5> anchor "Arguments" already defined PolyhedronStateNetlibScraper.html:502:1 (PolyhedronStateNetlibScraper.Rd:279): Warning: <h5> anchor "Usage" already defined PolyhedronStateNetlibScraper.html:518:1 (PolyhedronStateNetlibScraper.Rd:289): Warning: <h5> anchor "Usage" already defined PolyhedronStateNetlibScraper.html:524:1 (PolyhedronStateNetlibScraper.Rd:293): Warning: <h5> anchor "Arguments" already defined mutate_cond.html:58:1 (mutate_cond.Rd:16): Warning: missing </ul> before </div> Flavor: r-devel-linux-x86_64-debian-gcc