Last updated on 2025-10-25 09:49:42 CEST.
| Flavor | Version | Tinstall | Tcheck | Ttotal | Status | Flags |
|---|---|---|---|---|---|---|
| r-devel-linux-x86_64-debian-clang | 0.1-33 | 3.72 | 21.47 | 25.19 | OK | |
| r-devel-linux-x86_64-debian-gcc | 0.1-33 | 2.73 | 17.29 | 20.02 | OK | |
| r-devel-linux-x86_64-fedora-clang | 0.1-33 | 38.00 | 3.32 | 41.32 | OK | |
| r-devel-linux-x86_64-fedora-gcc | 0.1-33 | 36.64 | OK | |||
| r-devel-windows-x86_64 | 0.1-33 | 15.00 | 97.00 | 112.00 | OK | |
| r-patched-linux-x86_64 | 0.1-33 | 2.98 | 20.03 | 23.01 | OK | |
| r-release-linux-x86_64 | 0.1-33 | 2.84 | 20.12 | 22.96 | OK | |
| r-release-macos-arm64 | 0.1-33 | 5.00 | 18.00 | 23.00 | OK | |
| r-release-macos-x86_64 | 0.1-33 | 7.00 | 28.00 | 35.00 | OK | |
| r-release-windows-x86_64 | 0.1-33 | 17.00 | 97.00 | 114.00 | OK | |
| r-oldrel-macos-arm64 | 0.1-33 | 5.00 | 30.00 | 35.00 | NOTE | |
| r-oldrel-macos-x86_64 | 0.1-33 | 5.00 | 29.00 | 34.00 | OK | |
| r-oldrel-windows-x86_64 | 0.1-33 | 15.00 | 95.00 | 110.00 | NOTE |
Version: 0.1-33
Check: Rd cross-references
Result: NOTE
Package unavailable to check Rd xrefs: ‘Rglpk’
Flavor: r-oldrel-macos-arm64
Version: 0.1-33
Check: installed package size
Result: NOTE
installed size is 5.8Mb
sub-directories of 1Mb or more:
libs 5.8Mb
Flavor: r-oldrel-windows-x86_64