CRAN Package Check Results for Package SherlockHolmes

Last updated on 2025-06-30 09:49:30 CEST.

Flavor Version Tinstall Tcheck Ttotal Status Flags
r-devel-linux-x86_64-debian-clang 1.0.1 6.67 77.54 84.21 OK
r-devel-linux-x86_64-debian-gcc 1.0.1 5.71 56.44 62.15 OK
r-devel-linux-x86_64-fedora-clang 1.0.1 138.76 OK
r-devel-linux-x86_64-fedora-gcc 1.0.1 141.92 OK
r-devel-windows-x86_64 1.0.1 11.00 95.00 106.00 OK
r-patched-linux-x86_64 OK
r-release-linux-x86_64 1.0.1 7.89 73.50 81.39 OK
r-release-macos-arm64 1.0.1 49.00 OK
r-release-macos-x86_64 1.0.1 81.00 OK
r-release-windows-x86_64 1.0.1 15.00 94.00 109.00 OK
r-oldrel-macos-arm64 1.0.1 47.00 NOTE
r-oldrel-macos-x86_64 1.0.1 71.00 NOTE
r-oldrel-windows-x86_64 1.0.1 14.00 114.00 128.00 NOTE

Check Details

Version: 1.0.1
Check: installed package size
Result: NOTE installed size is 6.4Mb sub-directories of 1Mb or more: doc 1.7Mb extdata 4.2Mb Flavors: r-oldrel-macos-arm64, r-oldrel-macos-x86_64, r-oldrel-windows-x86_64