Last updated on 2025-10-24 09:50:17 CEST.
| Flavor | Version | Tinstall | Tcheck | Ttotal | Status | Flags |
|---|---|---|---|---|---|---|
| r-devel-linux-x86_64-debian-clang | 0.5.6 | 12.51 | 148.59 | 161.10 | NOTE | |
| r-devel-linux-x86_64-debian-gcc | 0.5.6 | 7.01 | 98.60 | 105.61 | OK | |
| r-devel-linux-x86_64-fedora-clang | 0.5.6 | 30.00 | 266.28 | 296.28 | OK | |
| r-devel-linux-x86_64-fedora-gcc | 0.5.6 | 26.00 | 231.40 | 257.40 | OK | |
| r-devel-windows-x86_64 | 0.5.6 | 13.00 | 136.00 | 149.00 | OK | |
| r-patched-linux-x86_64 | 0.5.6 | 11.58 | 150.47 | 162.05 | OK | |
| r-release-linux-x86_64 | 0.5.6 | 10.42 | 141.03 | 151.45 | OK | |
| r-release-macos-arm64 | 0.5.6 | 4.00 | 45.00 | 49.00 | OK | |
| r-release-macos-x86_64 | 0.5.6 | 8.00 | 125.00 | 133.00 | OK | |
| r-release-windows-x86_64 | 0.5.6 | 13.00 | 128.00 | 141.00 | OK | |
| r-oldrel-macos-arm64 | 0.5.6 | 4.00 | 47.00 | 51.00 | OK | |
| r-oldrel-macos-x86_64 | 0.5.6 | 9.00 | 89.00 | 98.00 | OK | |
| r-oldrel-windows-x86_64 | 0.5.6 | 19.00 | 175.00 | 194.00 | OK |
Version: 0.5.6
Check: HTML version of manual
Result: NOTE
Found the following HTML validation problems:
plot-ACO-ANY-method.html:56:1 (plot-ACO-ANY-method.Rd:15): Warning: missing </ul> before </div>
plot-SA-ANY-method.html:51:1 (plot-SA-ANY-method.Rd:12): Warning: missing </ul> before </div>
plot-TS-ANY-method.html:51:1 (plot-TS-ANY-method.Rd:12): Warning: missing </ul> before </div>
show-ACO-method.html:47:1 (show-ACO-method.Rd:10): Warning: missing </ul> before </div>
show-SA-method.html:47:1 (show-SA-method.Rd:10): Warning: missing </ul> before </div>
show-TS-method.html:47:1 (show-TS-method.Rd:10): Warning: missing </ul> before </div>
summary-ACO-method.html:47:1 (summary-ACO-method.Rd:10): Warning: missing </ul> before </div>
summary-SA-method.html:47:1 (summary-SA-method.Rd:10): Warning: missing </ul> before </div>
summary-TS-method.html:47:1 (summary-TS-method.Rd:10): Warning: missing </ul> before </div>
Flavor: r-devel-linux-x86_64-debian-clang