Last updated on 2025-10-25 09:49:44 CEST.
| Flavor | Version | Tinstall | Tcheck | Ttotal | Status | Flags |
|---|---|---|---|---|---|---|
| r-devel-linux-x86_64-debian-clang | 1.0.0 | 10.27 | 20.88 | 31.15 | NOTE | |
| r-devel-linux-x86_64-debian-gcc | 1.0.0 | 8.48 | 17.22 | 25.70 | NOTE | |
| r-devel-linux-x86_64-fedora-clang | 1.0.0 | 23.00 | 23.38 | 46.38 | OK | |
| r-devel-linux-x86_64-fedora-gcc | 1.0.0 | 24.00 | 21.57 | 45.57 | OK | |
| r-devel-windows-x86_64 | 1.0.0 | 10.00 | 39.00 | 49.00 | OK | |
| r-patched-linux-x86_64 | 1.0.0 | 9.72 | 19.70 | 29.42 | OK | |
| r-release-linux-x86_64 | 1.0.0 | 9.75 | 19.69 | 29.44 | OK | |
| r-release-macos-arm64 | 1.0.0 | 8.00 | 14.00 | 22.00 | OK | |
| r-release-macos-x86_64 | 1.0.0 | 12.00 | 22.00 | 34.00 | OK | |
| r-release-windows-x86_64 | 1.0.0 | 11.00 | 41.00 | 52.00 | OK | |
| r-oldrel-macos-arm64 | 1.0.0 | 7.00 | 15.00 | 22.00 | OK | |
| r-oldrel-macos-x86_64 | 1.0.0 | 8.00 | 20.00 | 28.00 | OK | |
| r-oldrel-windows-x86_64 | 1.0.0 | 12.00 | 46.00 | 58.00 | OK |
Version: 1.0.0
Check: CRAN incoming feasibility
Result: NOTE
Maintainer: ‘Matheus Dalsente Krause <krause.d.matheus@gmail.com>’
Package CITATION file contains call(s) to old-style citEntry(). Please
use bibentry() instead.
Flavors: r-devel-linux-x86_64-debian-clang, r-devel-linux-x86_64-debian-gcc