Last updated on 2025-10-24 09:50:22 CEST.
| Flavor | Version | Tinstall | Tcheck | Ttotal | Status | Flags |
|---|---|---|---|---|---|---|
| r-devel-linux-x86_64-debian-clang | 1.1.14 | 28.89 | 258.40 | 287.29 | NOTE | |
| r-devel-linux-x86_64-debian-gcc | 1.1.14 | 18.14 | 180.23 | 198.37 | OK | |
| r-devel-linux-x86_64-fedora-clang | 1.1.14 | 136.00 | 325.50 | 461.50 | OK | |
| r-devel-linux-x86_64-fedora-gcc | 1.1.14 | 229.00 | 252.44 | 481.44 | OK | |
| r-devel-windows-x86_64 | 1.1.14 | 30.00 | 389.00 | 419.00 | OK | |
| r-patched-linux-x86_64 | 1.1.14 | 24.76 | 245.73 | 270.49 | OK | |
| r-release-linux-x86_64 | 1.1.14 | 27.03 | 242.32 | 269.35 | OK | |
| r-release-macos-arm64 | 1.1.14 | 12.00 | 166.00 | 178.00 | OK | |
| r-release-macos-x86_64 | 1.1.14 | 18.00 | 118.00 | 136.00 | OK | |
| r-release-windows-x86_64 | 1.1.14 | 30.00 | 232.00 | 262.00 | OK | |
| r-oldrel-macos-arm64 | 1.1.14 | 12.00 | 119.00 | 131.00 | OK | |
| r-oldrel-macos-x86_64 | 1.1.14 | 25.00 | 187.00 | 212.00 | OK | |
| r-oldrel-windows-x86_64 | 1.1.14 | 39.00 | 313.00 | 352.00 | OK |
Version: 1.1.14
Check: HTML version of manual
Result: NOTE
Found the following HTML validation problems:
add_collection_member.html:62:1 (add_collection_member.Rd:20): Warning: missing </ul> before </div>
manage_chTKCat_users.html:52:1 (manage_chTKCat_users.Rd:14): Warning: missing </ul> before </div>
Flavor: r-devel-linux-x86_64-debian-clang