CRAN Package Check Results for Package TSE

Last updated on 2025-10-24 09:50:22 CEST.

Flavor Version Tinstall Tcheck Ttotal Status Flags
r-devel-linux-x86_64-debian-clang 0.1.0 2.26 22.21 24.47 OK
r-devel-linux-x86_64-debian-gcc 0.1.0 1.89 17.31 19.20 OK
r-devel-linux-x86_64-fedora-clang 0.1.0 37.45 NOTE
r-devel-linux-x86_64-fedora-gcc 0.1.0 35.28 NOTE
r-devel-windows-x86_64 0.1.0 4.00 127.00 131.00 OK
r-patched-linux-x86_64 0.1.0 2.43 20.66 23.09 OK
r-release-linux-x86_64 0.1.0 2.17 20.43 22.60 OK
r-release-macos-arm64 0.1.0 2.00 15.00 17.00 OK
r-release-macos-x86_64 0.1.0 2.00 22.00 24.00 OK
r-release-windows-x86_64 0.1.0 4.00 42.00 46.00 OK
r-oldrel-macos-arm64 0.1.0 1.00 14.00 15.00 OK
r-oldrel-macos-x86_64 0.1.0 2.00 19.00 21.00 OK
r-oldrel-windows-x86_64 0.1.0 3.00 48.00 51.00 OK

Check Details

Version: 0.1.0
Check: dependencies in R code
Result: NOTE Namespace in Imports field not imported from: ‘stats’ All declared Imports should be used. Flavors: r-devel-linux-x86_64-fedora-clang, r-devel-linux-x86_64-fedora-gcc