Last updated on 2025-10-26 08:49:04 CET.
| Flavor | Version | Tinstall | Tcheck | Ttotal | Status | Flags | 
|---|---|---|---|---|---|---|
| r-devel-linux-x86_64-debian-clang | 0.1.0 | 3.52 | 35.76 | 39.28 | OK | |
| r-devel-linux-x86_64-debian-gcc | 0.1.0 | 2.67 | 27.29 | 29.96 | OK | |
| r-devel-linux-x86_64-fedora-clang | 0.1.0 | 61.74 | OK | |||
| r-devel-linux-x86_64-fedora-gcc | 0.1.0 | 56.94 | OK | |||
| r-devel-windows-x86_64 | 0.1.0 | 5.00 | 50.00 | 55.00 | OK | |
| r-patched-linux-x86_64 | 0.1.0 | 3.42 | 34.31 | 37.73 | OK | |
| r-release-linux-x86_64 | 0.1.0 | 3.61 | 33.88 | 37.49 | OK | |
| r-release-macos-arm64 | 0.1.0 | 2.00 | 28.00 | 30.00 | OK | |
| r-release-macos-x86_64 | 0.1.0 | 4.00 | 35.00 | 39.00 | OK | |
| r-release-windows-x86_64 | 0.1.0 | 6.00 | 53.00 | 59.00 | OK | |
| r-oldrel-macos-arm64 | 0.1.0 | 2.00 | 19.00 | 21.00 | NOTE | |
| r-oldrel-macos-x86_64 | 0.1.0 | 3.00 | 27.00 | 30.00 | NOTE | |
| r-oldrel-windows-x86_64 | 0.1.0 | 10.00 | 61.00 | 71.00 | NOTE | 
Version: 0.1.0
Check: LazyData
Result: NOTE
    'LazyData' is specified without a 'data' directory
Flavors: r-oldrel-macos-arm64, r-oldrel-macos-x86_64, r-oldrel-windows-x86_64