Last updated on 2025-10-25 09:49:49 CEST.
| Flavor | Version | Tinstall | Tcheck | Ttotal | Status | Flags |
|---|---|---|---|---|---|---|
| r-devel-linux-x86_64-debian-clang | 0.1.4 | 9.13 | 72.15 | 81.28 | NOTE | |
| r-devel-linux-x86_64-debian-gcc | 0.1.4 | 6.37 | 52.12 | 58.49 | NOTE | |
| r-devel-linux-x86_64-fedora-clang | 0.1.4 | 22.00 | 99.46 | 121.46 | OK | |
| r-devel-linux-x86_64-fedora-gcc | 0.1.4 | 17.00 | 98.27 | 115.27 | OK | |
| r-devel-windows-x86_64 | 0.1.4 | 11.00 | 75.00 | 86.00 | OK | |
| r-patched-linux-x86_64 | 0.1.4 | 9.57 | 65.36 | 74.93 | OK | |
| r-release-linux-x86_64 | 0.1.4 | 9.81 | 67.32 | 77.13 | OK | |
| r-release-macos-arm64 | 0.1.4 | 4.00 | 28.00 | 32.00 | OK | |
| r-release-macos-x86_64 | 0.1.4 | 6.00 | 46.00 | 52.00 | OK | |
| r-release-windows-x86_64 | 0.1.4 | 12.00 | 81.00 | 93.00 | OK | |
| r-oldrel-macos-arm64 | 0.1.4 | 4.00 | 29.00 | 33.00 | OK | |
| r-oldrel-macos-x86_64 | 0.1.4 | 6.00 | 44.00 | 50.00 | OK | |
| r-oldrel-windows-x86_64 | 0.1.4 | 15.00 | 101.00 | 116.00 | OK |
Version: 0.1.4
Check: CRAN incoming feasibility
Result: NOTE
Maintainer: ‘Feifei ZHANG<tushare_pro@163.com>’
No Authors@R field in DESCRIPTION.
Please add one, modifying
Authors@R: person(given = "Feifei",
family = "ZHANG",
role = c("aut", "cre"),
email = "tushare_pro@163.com")
as necessary.
Flavors: r-devel-linux-x86_64-debian-clang, r-devel-linux-x86_64-debian-gcc