Last updated on 2025-10-22 09:50:58 CEST.
Flavor | Version | Tinstall | Tcheck | Ttotal | Status | Flags |
---|---|---|---|---|---|---|
r-devel-linux-x86_64-debian-clang | 1.1.0 | 4.14 | 32.24 | 36.38 | NOTE | |
r-devel-linux-x86_64-debian-gcc | 1.1.0 | 2.75 | 25.47 | 28.22 | NOTE | |
r-devel-linux-x86_64-fedora-clang | 1.1.0 | 10.00 | 44.13 | 54.13 | OK | |
r-devel-linux-x86_64-fedora-gcc | 1.1.0 | 50.61 | OK | |||
r-devel-windows-x86_64 | 1.1.0 | 4.00 | 49.00 | 53.00 | OK | |
r-patched-linux-x86_64 | 1.1.0 | 4.02 | 29.38 | 33.40 | OK | |
r-release-linux-x86_64 | 1.1.0 | 3.93 | 29.61 | 33.54 | OK | |
r-release-macos-arm64 | 1.1.0 | 2.00 | 17.00 | 19.00 | OK | |
r-release-macos-x86_64 | 1.1.0 | 3.00 | 31.00 | 34.00 | OK | |
r-release-windows-x86_64 | 1.1.0 | 6.00 | 49.00 | 55.00 | OK | |
r-oldrel-macos-arm64 | 1.1.0 | 2.00 | 16.00 | 18.00 | OK | |
r-oldrel-macos-x86_64 | 1.1.0 | 3.00 | 27.00 | 30.00 | OK | |
r-oldrel-windows-x86_64 | 1.1.0 | 5.00 | 55.00 | 60.00 | OK |
Version: 1.1.0
Check: HTML version of manual
Result: NOTE
Found the following HTML validation problems:
dzim.plot.html:58:1 (dzim.plot.Rd:16): Warning: missing </ul> before </div>
Flavors: r-devel-linux-x86_64-debian-clang, r-devel-linux-x86_64-debian-gcc