Last updated on 2025-10-25 09:49:23 CEST.
| Flavor | Version | Tinstall | Tcheck | Ttotal | Status | Flags |
|---|---|---|---|---|---|---|
| r-devel-linux-x86_64-debian-clang | 1.1.1 | 2.21 | 32.57 | 34.78 | OK | |
| r-devel-linux-x86_64-debian-gcc | 1.1.1 | 1.75 | 25.37 | 27.12 | OK | |
| r-devel-linux-x86_64-fedora-clang | 1.1.1 | 51.34 | OK | |||
| r-devel-linux-x86_64-fedora-gcc | 1.1.1 | 63.74 | OK | |||
| r-devel-windows-x86_64 | 1.1.1 | 4.00 | 52.00 | 56.00 | OK | |
| r-patched-linux-x86_64 | 1.1.1 | 2.48 | 29.62 | 32.10 | OK | |
| r-release-linux-x86_64 | 1.1.1 | 1.85 | 29.76 | 31.61 | OK | |
| r-release-macos-arm64 | 1.1.1 | 2.00 | 36.00 | 38.00 | OK | |
| r-release-macos-x86_64 | 1.1.1 | 2.00 | 43.00 | 45.00 | OK | |
| r-release-windows-x86_64 | 1.1.1 | 5.00 | 55.00 | 60.00 | OK | |
| r-oldrel-macos-arm64 | 1.1.1 | 1.00 | 25.00 | 26.00 | NOTE | |
| r-oldrel-macos-x86_64 | 1.1.1 | 2.00 | 42.00 | 44.00 | NOTE | |
| r-oldrel-windows-x86_64 | 1.1.1 | 5.00 | 65.00 | 70.00 | NOTE |
Version: 1.1.1
Check: LazyData
Result: NOTE
'LazyData' is specified without a 'data' directory
Flavors: r-oldrel-macos-arm64, r-oldrel-macos-x86_64, r-oldrel-windows-x86_64