Last updated on 2025-10-25 09:49:23 CEST.
| Flavor | Version | Tinstall | Tcheck | Ttotal | Status | Flags |
|---|---|---|---|---|---|---|
| r-devel-linux-x86_64-debian-clang | 0.1.1 | 2.63 | 27.29 | 29.92 | NOTE | |
| r-devel-linux-x86_64-debian-gcc | 0.1.1 | 1.85 | 21.86 | 23.71 | NOTE | |
| r-devel-linux-x86_64-fedora-clang | 0.1.1 | 44.16 | OK | |||
| r-devel-linux-x86_64-fedora-gcc | 0.1.1 | 42.20 | OK | |||
| r-devel-windows-x86_64 | 0.1.1 | 5.00 | 44.00 | 49.00 | OK | |
| r-patched-linux-x86_64 | 0.1.1 | 2.20 | 25.75 | 27.95 | OK | |
| r-release-linux-x86_64 | 0.1.1 | 2.62 | 25.78 | 28.40 | OK | |
| r-release-macos-arm64 | 0.1.1 | 2.00 | 20.00 | 22.00 | OK | |
| r-release-macos-x86_64 | 0.1.1 | 2.00 | 29.00 | 31.00 | OK | |
| r-release-windows-x86_64 | 0.1.1 | 4.00 | 47.00 | 51.00 | OK | |
| r-oldrel-macos-arm64 | 0.1.1 | 1.00 | 17.00 | 18.00 | NOTE | |
| r-oldrel-macos-x86_64 | 0.1.1 | 2.00 | 29.00 | 31.00 | NOTE | |
| r-oldrel-windows-x86_64 | 0.1.1 | 6.00 | 52.00 | 58.00 | NOTE |
Version: 0.1.1
Check: CRAN incoming feasibility
Result: NOTE
Maintainer: ‘Pankaj Bhatlawande <pbhatlawande@merkleinc.com>’
No Authors@R field in DESCRIPTION.
Please add one, modifying
Authors@R: person(given = "Pankaj",
family = "Bhatlawande",
role = c("aut", "cre"),
email = "pbhatlawande@merkleinc.com")
as necessary.
Flavors: r-devel-linux-x86_64-debian-clang, r-devel-linux-x86_64-debian-gcc
Version: 0.1.1
Check: LazyData
Result: NOTE
'LazyData' is specified without a 'data' directory
Flavors: r-oldrel-macos-arm64, r-oldrel-macos-x86_64, r-oldrel-windows-x86_64