Last updated on 2025-07-21 09:49:47 CEST.
Flavor | Version | Tinstall | Tcheck | Ttotal | Status | Flags |
---|---|---|---|---|---|---|
r-devel-linux-x86_64-debian-clang | 0.1.4 | 1.50 | 34.79 | 36.29 | ERROR | |
r-devel-linux-x86_64-debian-gcc | 0.1.4 | 1.54 | 25.21 | 26.75 | ERROR | |
r-devel-linux-x86_64-fedora-clang | 0.1.4 | 53.76 | OK | |||
r-devel-linux-x86_64-fedora-gcc | 0.1.4 | 58.86 | ERROR | |||
r-devel-windows-x86_64 | 0.1.4 | 4.00 | 125.00 | 129.00 | ERROR | |
r-patched-linux-x86_64 | 0.1.4 | 1.95 | 31.71 | 33.66 | OK | |
r-release-linux-x86_64 | 0.1.4 | 1.89 | 32.08 | 33.97 | ERROR | |
r-release-macos-arm64 | 0.1.4 | 132.00 | OK | |||
r-release-macos-x86_64 | 0.1.4 | 154.00 | OK | |||
r-release-windows-x86_64 | 0.1.4 | 3.00 | 126.00 | 129.00 | ERROR | |
r-oldrel-macos-arm64 | 0.1.4 | 136.00 | OK | |||
r-oldrel-macos-x86_64 | 0.1.4 | 163.00 | OK | |||
r-oldrel-windows-x86_64 | 0.1.4 | 4.00 | 147.00 | 151.00 | ERROR |
Version: 0.1.4
Check: tests
Result: ERROR
Running ‘testthat.R’ [7s/80s]
Running the tests in ‘tests/testthat.R’ failed.
Complete output:
> # This file is part of the standard setup for testthat.
> # It is recommended that you do not modify it.
> #
> # Where should you do additional test configuration?
> # Learn more about the roles of various files in:
> # * https://r-pkgs.org/testing-design.html#sec-tests-files-overview
> # * https://testthat.r-lib.org/articles/special-files.html
>
> library(testthat)
> library(aebdata)
>
> test_check("aebdata")
[ FAIL 1 | WARN 0 | SKIP 0 | PASS 25 ]
══ Failed tests ════════════════════════════════════════════════════════════════
── Failure ('test-list.R:4:3'): list works ─────────────────────────────────────
list_series(theme_id = 50, theme_title = "Militares na burocracia") (`actual`) not equal to rds$militares_organizacoes (`expected`).
`attr(actual, 'row.names')[19:21]`: 19 20 21
`attr(expected, 'row.names')[19:22]`: 19 20 21 22
actual vs expected
theme_title theme_id series_title series_id
actual[6, ] Militares na burocracia 44 Evolução do número total de cargos e funções civis e militares no Executivo Federal 186
actual[7, ] Militares na burocracia 44 Militares exercendo funções civis na Administração pública federal 194
actual[8, ] Militares na burocracia 44 Origem dos militares ocupantes de cargos, por Força Armada de origem 192
actual[9, ] Militares na burocracia 44 Participação dos círculos hierárquicos entre os ocupantes de cargos 193
+ expected[10, ] Militares na burocracia 44 Proposta de Nota Técnica Diest 185
actual[10, ] Militares na burocracia 44 Total de Cargos e funções comissionadas no Executivo Civil Federal, ocupados por militares 189
actual[11, ] Militares na burocracia 44 Total, proporção ou variação acumulada de vínculos públicos, civis e militares, no nível Federal 70
actual[12, ] Organizações do Estado 50 CAP 16 Trabalhadores dos Cras e Creas, por área de formação - Brasil (2011-2017) 221
actual$theme_title | expected$theme_title
[12] "Organizações do Estado" - "Militares na burocracia" [9]
- "Militares na burocracia" [10]
- "Militares na burocracia" [11]
- "Militares na burocracia" [12]
- "Organizações do Estado" [13]
- "Organizações do Estado" [14]
- "Organizações do Estado" [15]
- "Organizações do Estado" [16]
- "Organizações do Estado" [17]
- "Organizações do Estado" [18]
... ... ... and 4 more ...
`actual$theme_id[12:15]`: 50 and 4 more...
`expected$theme_id[9:22]`: 44 44 44 44 50 50 50 50 50 50 ...
actual$series_title[7:12] vs expected$series_title[7:13]
"Evolução do número total de cargos e funções civis e militares no Executivo Federal"
"Militares exercendo funções civis na Administração pública federal"
"Origem dos militares ocupantes de cargos, por Força Armada de origem"
"Participação dos círculos hierárquicos entre os ocupantes de cargos"
+ "Proposta de Nota Técnica Diest"
"Total de Cargos e funções comissionadas no Executivo Civil Federal, ocupados por militares"
"Total, proporção ou variação acumulada de vínculos públicos, civis e militares, no nível Federal"
"CAP 16 Trabalhadores dos Cras e Creas, por área de formação - Brasil (2011-2017)"
`actual$series_id[7:12]`: 194 192 193 189 70 221
`expected$series_id[7:13]`: 194 192 193 185 189 70 221
[ FAIL 1 | WARN 0 | SKIP 0 | PASS 25 ]
Error: Test failures
Execution halted
Flavor: r-devel-linux-x86_64-debian-clang
Version: 0.1.4
Check: examples
Result: ERROR
Running examples in ‘aebdata-Ex.R’ failed
The error most likely occurred in:
> base::assign(".ptime", proc.time(), pos = "CheckExEnv")
> ### Name: get_series
> ### Title: Get series values
> ### Aliases: get_series
>
> ### ** Examples
>
> ## Don't show:
> if (aebdata:::test_connection_aeb()) (if (getRversion() >= "3.4") withAutoprint else force)({ # examplesIf
+ ## End(Don't show)
+ # Get the series 230 and print the head
+ serie_230 <- get_series(series_id = 230)
+ head(serie_230)
+
+ # Get the series from 230 to 232 and print the head of the 232
+ ## Don't show:
+ }) # examplesIf
> serie_230 <- get_series(series_id = 230)
Error in open.connection(x, "rb") : cannot open the connection
Calls: <Anonymous> ... <Anonymous> -> <Anonymous> -> <Anonymous> -> read_html.default
Execution halted
Flavor: r-devel-linux-x86_64-debian-gcc
Version: 0.1.4
Check: tests
Result: ERROR
Running ‘testthat.R’ [4s/114s]
Running the tests in ‘tests/testthat.R’ failed.
Complete output:
> # This file is part of the standard setup for testthat.
> # It is recommended that you do not modify it.
> #
> # Where should you do additional test configuration?
> # Learn more about the roles of various files in:
> # * https://r-pkgs.org/testing-design.html#sec-tests-files-overview
> # * https://testthat.r-lib.org/articles/special-files.html
>
> library(testthat)
> library(aebdata)
>
> test_check("aebdata")
Error in open.connection(structure(5L, class = c("curl", "connection"), conn_id = <pointer: 0x5605b5a9d380>), :
cannot open the connection
[ FAIL 4 | WARN 1 | SKIP 0 | PASS 20 ]
══ Failed tests ════════════════════════════════════════════════════════════════
── Error ('test-get.R:12:3'): wrong parameters ─────────────────────────────────
Error in `open.connection(x, "rb")`: cannot open the connection
Backtrace:
▆
1. ├─testthat::expect_warning(get_series(series_id = 215, series_title = "Test")) at test-get.R:12:3
2. │ └─testthat:::expect_condition_matching(...)
3. │ └─testthat:::quasi_capture(...)
4. │ ├─testthat (local) .capture(...)
5. │ │ └─base::withCallingHandlers(...)
6. │ └─rlang::eval_bare(quo_get_expr(.quo), quo_get_env(.quo))
7. └─aebdata::get_series(series_id = 215, series_title = "Test")
8. └─aebdata:::get_series_csv(series_id = df_series$series_id)
9. ├─base::grep(...)
10. │ └─base::is.factor(x)
11. ├─rvest::html_attr(...)
12. │ └─xml2::xml_attr(x, name, default = default)
13. ├─rvest::html_elements(...)
14. ├─rvest::html_element(...)
15. ├─rvest::read_html(...)
16. └─xml2:::read_html.default(...)
17. ├─base::suppressWarnings(...)
18. │ └─base::withCallingHandlers(...)
19. ├─xml2::read_xml(x, encoding = encoding, ..., as_html = TRUE, options = options)
20. └─xml2:::read_xml.character(...)
21. └─xml2:::read_xml.connection(...)
22. ├─base::open(x, "rb")
23. └─base::open.connection(x, "rb")
── Failure ('test-get.R:26:3'): get works ──────────────────────────────────────
get_series(series_id = c(215, 197)) (`actual`) not equal to list(`215` = rds$one, `197` = rds$multiple) (`expected`).
`actual$197` is an S3 object of class <try-error>, a character vector
`expected$197` is a list
── Error ('test-get.R:33:3'): get_csv works ────────────────────────────────────
Error in `open.connection(x, "rb")`: cannot open the connection
Backtrace:
▆
1. ├─testthat::expect_null(get_series_csv(162)) at test-get.R:33:3
2. │ └─testthat::quasi_label(enquo(object), label, arg = "object")
3. │ └─rlang::eval_bare(expr, quo_get_env(quo))
4. └─aebdata:::get_series_csv(162)
5. ├─base::grep(...)
6. │ └─base::is.factor(x)
7. ├─rvest::html_attr(...)
8. │ └─xml2::xml_attr(x, name, default = default)
9. ├─rvest::html_elements(...)
10. ├─rvest::html_element(...)
11. ├─rvest::read_html(...)
12. └─xml2:::read_html.default(...)
13. ├─base::suppressWarnings(...)
14. │ └─base::withCallingHandlers(...)
15. ├─xml2::read_xml(x, encoding = encoding, ..., as_html = TRUE, options = options)
16. └─xml2:::read_xml.character(...)
17. └─xml2:::read_xml.connection(...)
18. ├─base::open(x, "rb")
19. └─base::open.connection(x, "rb")
── Failure ('test-list.R:4:3'): list works ─────────────────────────────────────
list_series(theme_id = 50, theme_title = "Militares na burocracia") (`actual`) not equal to rds$militares_organizacoes (`expected`).
`attr(actual, 'row.names')[19:21]`: 19 20 21
`attr(expected, 'row.names')[19:22]`: 19 20 21 22
actual vs expected
theme_title theme_id series_title series_id
actual[6, ] Militares na burocracia 44 Evolução do número total de cargos e funções civis e militares no Executivo Federal 186
actual[7, ] Militares na burocracia 44 Militares exercendo funções civis na Administração pública federal 194
actual[8, ] Militares na burocracia 44 Origem dos militares ocupantes de cargos, por Força Armada de origem 192
actual[9, ] Militares na burocracia 44 Participação dos círculos hierárquicos entre os ocupantes de cargos 193
+ expected[10, ] Militares na burocracia 44 Proposta de Nota Técnica Diest 185
actual[10, ] Militares na burocracia 44 Total de Cargos e funções comissionadas no Executivo Civil Federal, ocupados por militares 189
actual[11, ] Militares na burocracia 44 Total, proporção ou variação acumulada de vínculos públicos, civis e militares, no nível Federal 70
actual[12, ] Organizações do Estado 50 CAP 16 Trabalhadores dos Cras e Creas, por área de formação - Brasil (2011-2017) 221
actual$theme_title | expected$theme_title
[12] "Organizações do Estado" - "Militares na burocracia" [9]
- "Militares na burocracia" [10]
- "Militares na burocracia" [11]
- "Militares na burocracia" [12]
- "Organizações do Estado" [13]
- "Organizações do Estado" [14]
- "Organizações do Estado" [15]
- "Organizações do Estado" [16]
- "Organizações do Estado" [17]
- "Organizações do Estado" [18]
... ... ... and 4 more ...
`actual$theme_id[12:15]`: 50 and 4 more...
`expected$theme_id[9:22]`: 44 44 44 44 50 50 50 50 50 50 ...
actual$series_title[7:12] vs expected$series_title[7:13]
"Evolução do número total de cargos e funções civis e militares no Executivo Federal"
"Militares exercendo funções civis na Administração pública federal"
"Origem dos militares ocupantes de cargos, por Força Armada de origem"
"Participação dos círculos hierárquicos entre os ocupantes de cargos"
+ "Proposta de Nota Técnica Diest"
"Total de Cargos e funções comissionadas no Executivo Civil Federal, ocupados por militares"
"Total, proporção ou variação acumulada de vínculos públicos, civis e militares, no nível Federal"
"CAP 16 Trabalhadores dos Cras e Creas, por área de formação - Brasil (2011-2017)"
`actual$series_id[7:12]`: 194 192 193 189 70 221
`expected$series_id[7:13]`: 194 192 193 185 189 70 221
[ FAIL 4 | WARN 1 | SKIP 0 | PASS 20 ]
Error: Test failures
Execution halted
Flavor: r-devel-linux-x86_64-debian-gcc
Version: 0.1.4
Check: tests
Result: ERROR
Running ‘testthat.R’ [8s/69s]
Running the tests in ‘tests/testthat.R’ failed.
Complete output:
> # This file is part of the standard setup for testthat.
> # It is recommended that you do not modify it.
> #
> # Where should you do additional test configuration?
> # Learn more about the roles of various files in:
> # * https://r-pkgs.org/testing-design.html#sec-tests-files-overview
> # * https://testthat.r-lib.org/articles/special-files.html
>
> library(testthat)
> library(aebdata)
>
> test_check("aebdata")
[ FAIL 1 | WARN 0 | SKIP 0 | PASS 25 ]
══ Failed tests ════════════════════════════════════════════════════════════════
── Failure ('test-list.R:4:3'): list works ─────────────────────────────────────
list_series(theme_id = 50, theme_title = "Militares na burocracia") (`actual`) not equal to rds$militares_organizacoes (`expected`).
`attr(actual, 'row.names')[19:21]`: 19 20 21
`attr(expected, 'row.names')[19:22]`: 19 20 21 22
actual vs expected
theme_title theme_id series_title series_id
actual[6, ] Militares na burocracia 44 Evolução do número total de cargos e funções civis e militares no Executivo Federal 186
actual[7, ] Militares na burocracia 44 Militares exercendo funções civis na Administração pública federal 194
actual[8, ] Militares na burocracia 44 Origem dos militares ocupantes de cargos, por Força Armada de origem 192
actual[9, ] Militares na burocracia 44 Participação dos círculos hierárquicos entre os ocupantes de cargos 193
+ expected[10, ] Militares na burocracia 44 Proposta de Nota Técnica Diest 185
actual[10, ] Militares na burocracia 44 Total de Cargos e funções comissionadas no Executivo Civil Federal, ocupados por militares 189
actual[11, ] Militares na burocracia 44 Total, proporção ou variação acumulada de vínculos públicos, civis e militares, no nível Federal 70
actual[12, ] Organizações do Estado 50 CAP 16 Trabalhadores dos Cras e Creas, por área de formação - Brasil (2011-2017) 221
actual$theme_title | expected$theme_title
[12] "Organizações do Estado" - "Militares na burocracia" [9]
- "Militares na burocracia" [10]
- "Militares na burocracia" [11]
- "Militares na burocracia" [12]
- "Organizações do Estado" [13]
- "Organizações do Estado" [14]
- "Organizações do Estado" [15]
- "Organizações do Estado" [16]
- "Organizações do Estado" [17]
- "Organizações do Estado" [18]
... ... ... and 4 more ...
`actual$theme_id[12:15]`: 50 and 4 more...
`expected$theme_id[9:22]`: 44 44 44 44 50 50 50 50 50 50 ...
actual$series_title[7:12] vs expected$series_title[7:13]
"Evolução do número total de cargos e funções civis e militares no Executivo Federal"
"Militares exercendo funções civis na Administração pública federal"
"Origem dos militares ocupantes de cargos, por Força Armada de origem"
"Participação dos círculos hierárquicos entre os ocupantes de cargos"
+ "Proposta de Nota Técnica Diest"
"Total de Cargos e funções comissionadas no Executivo Civil Federal, ocupados por militares"
"Total, proporção ou variação acumulada de vínculos públicos, civis e militares, no nível Federal"
"CAP 16 Trabalhadores dos Cras e Creas, por área de formação - Brasil (2011-2017)"
`actual$series_id[7:12]`: 194 192 193 189 70 221
`expected$series_id[7:13]`: 194 192 193 185 189 70 221
[ FAIL 1 | WARN 0 | SKIP 0 | PASS 25 ]
Error: Test failures
Execution halted
Flavor: r-devel-linux-x86_64-fedora-gcc
Version: 0.1.4
Check: tests
Result: ERROR
Running 'testthat.R' [66s]
Running the tests in 'tests/testthat.R' failed.
Complete output:
> # This file is part of the standard setup for testthat.
> # It is recommended that you do not modify it.
> #
> # Where should you do additional test configuration?
> # Learn more about the roles of various files in:
> # * https://r-pkgs.org/testing-design.html#sec-tests-files-overview
> # * https://testthat.r-lib.org/articles/special-files.html
>
> library(testthat)
> library(aebdata)
>
> test_check("aebdata")
[ FAIL 1 | WARN 0 | SKIP 0 | PASS 25 ]
══ Failed tests ════════════════════════════════════════════════════════════════
── Failure ('test-list.R:4:3'): list works ─────────────────────────────────────
list_series(theme_id = 50, theme_title = "Militares na burocracia") (`actual`) not equal to rds$militares_organizacoes (`expected`).
`attr(actual, 'row.names')[19:21]`: 19 20 21
`attr(expected, 'row.names')[19:22]`: 19 20 21 22
actual vs expected
theme_title theme_id series_title series_id
actual[6, ] Militares na burocracia 44 Evolução do número total de cargos e funções civis e militares no Executivo Federal 186
actual[7, ] Militares na burocracia 44 Militares exercendo funções civis na Administração pública federal 194
actual[8, ] Militares na burocracia 44 Origem dos militares ocupantes de cargos, por Força Armada de origem 192
actual[9, ] Militares na burocracia 44 Participação dos círculos hierárquicos entre os ocupantes de cargos 193
+ expected[10, ] Militares na burocracia 44 Proposta de Nota Técnica Diest 185
actual[10, ] Militares na burocracia 44 Total de Cargos e funções comissionadas no Executivo Civil Federal, ocupados por militares 189
actual[11, ] Militares na burocracia 44 Total, proporção ou variação acumulada de vínculos públicos, civis e militares, no nível Federal 70
actual[12, ] Organizações do Estado 50 CAP 16 Trabalhadores dos Cras e Creas, por área de formação - Brasil (2011-2017) 221
actual$theme_title | expected$theme_title
[12] "Organizações do Estado" - "Militares na burocracia" [9]
- "Militares na burocracia" [10]
- "Militares na burocracia" [11]
- "Militares na burocracia" [12]
- "Organizações do Estado" [13]
- "Organizações do Estado" [14]
- "Organizações do Estado" [15]
- "Organizações do Estado" [16]
- "Organizações do Estado" [17]
- "Organizações do Estado" [18]
... ... ... and 4 more ...
`actual$theme_id[12:15]`: 50 and 4 more...
`expected$theme_id[9:22]`: 44 44 44 44 50 50 50 50 50 50 ...
actual$series_title[7:12] vs expected$series_title[7:13]
"Evolução do número total de cargos e funções civis e militares no Executivo Federal"
"Militares exercendo funções civis na Administração pública federal"
"Origem dos militares ocupantes de cargos, por Força Armada de origem"
"Participação dos círculos hierárquicos entre os ocupantes de cargos"
+ "Proposta de Nota Técnica Diest"
"Total de Cargos e funções comissionadas no Executivo Civil Federal, ocupados por militares"
"Total, proporção ou variação acumulada de vínculos públicos, civis e militares, no nível Federal"
"CAP 16 Trabalhadores dos Cras e Creas, por área de formação - Brasil (2011-2017)"
`actual$series_id[7:12]`: 194 192 193 189 70 221
`expected$series_id[7:13]`: 194 192 193 185 189 70 221
[ FAIL 1 | WARN 0 | SKIP 0 | PASS 25 ]
Error: Test failures
Execution halted
Flavor: r-devel-windows-x86_64
Version: 0.1.4
Check: tests
Result: ERROR
Running ‘testthat.R’ [7s/76s]
Running the tests in ‘tests/testthat.R’ failed.
Complete output:
> # This file is part of the standard setup for testthat.
> # It is recommended that you do not modify it.
> #
> # Where should you do additional test configuration?
> # Learn more about the roles of various files in:
> # * https://r-pkgs.org/testing-design.html#sec-tests-files-overview
> # * https://testthat.r-lib.org/articles/special-files.html
>
> library(testthat)
> library(aebdata)
>
> test_check("aebdata")
[ FAIL 1 | WARN 0 | SKIP 0 | PASS 25 ]
══ Failed tests ════════════════════════════════════════════════════════════════
── Failure ('test-list.R:4:3'): list works ─────────────────────────────────────
list_series(theme_id = 50, theme_title = "Militares na burocracia") (`actual`) not equal to rds$militares_organizacoes (`expected`).
`attr(actual, 'row.names')[19:21]`: 19 20 21
`attr(expected, 'row.names')[19:22]`: 19 20 21 22
actual vs expected
theme_title theme_id series_title series_id
actual[6, ] Militares na burocracia 44 Evolução do número total de cargos e funções civis e militares no Executivo Federal 186
actual[7, ] Militares na burocracia 44 Militares exercendo funções civis na Administração pública federal 194
actual[8, ] Militares na burocracia 44 Origem dos militares ocupantes de cargos, por Força Armada de origem 192
actual[9, ] Militares na burocracia 44 Participação dos círculos hierárquicos entre os ocupantes de cargos 193
+ expected[10, ] Militares na burocracia 44 Proposta de Nota Técnica Diest 185
actual[10, ] Militares na burocracia 44 Total de Cargos e funções comissionadas no Executivo Civil Federal, ocupados por militares 189
actual[11, ] Militares na burocracia 44 Total, proporção ou variação acumulada de vínculos públicos, civis e militares, no nível Federal 70
actual[12, ] Organizações do Estado 50 CAP 16 Trabalhadores dos Cras e Creas, por área de formação - Brasil (2011-2017) 221
actual$theme_title | expected$theme_title
[12] "Organizações do Estado" - "Militares na burocracia" [9]
- "Militares na burocracia" [10]
- "Militares na burocracia" [11]
- "Militares na burocracia" [12]
- "Organizações do Estado" [13]
- "Organizações do Estado" [14]
- "Organizações do Estado" [15]
- "Organizações do Estado" [16]
- "Organizações do Estado" [17]
- "Organizações do Estado" [18]
... ... ... and 4 more ...
`actual$theme_id[12:15]`: 50 and 4 more...
`expected$theme_id[9:22]`: 44 44 44 44 50 50 50 50 50 50 ...
actual$series_title[7:12] vs expected$series_title[7:13]
"Evolução do número total de cargos e funções civis e militares no Executivo Federal"
"Militares exercendo funções civis na Administração pública federal"
"Origem dos militares ocupantes de cargos, por Força Armada de origem"
"Participação dos círculos hierárquicos entre os ocupantes de cargos"
+ "Proposta de Nota Técnica Diest"
"Total de Cargos e funções comissionadas no Executivo Civil Federal, ocupados por militares"
"Total, proporção ou variação acumulada de vínculos públicos, civis e militares, no nível Federal"
"CAP 16 Trabalhadores dos Cras e Creas, por área de formação - Brasil (2011-2017)"
`actual$series_id[7:12]`: 194 192 193 189 70 221
`expected$series_id[7:13]`: 194 192 193 185 189 70 221
[ FAIL 1 | WARN 0 | SKIP 0 | PASS 25 ]
Error: Test failures
Execution halted
Flavor: r-release-linux-x86_64
Version: 0.1.4
Check: tests
Result: ERROR
Running 'testthat.R' [67s]
Running the tests in 'tests/testthat.R' failed.
Complete output:
> # This file is part of the standard setup for testthat.
> # It is recommended that you do not modify it.
> #
> # Where should you do additional test configuration?
> # Learn more about the roles of various files in:
> # * https://r-pkgs.org/testing-design.html#sec-tests-files-overview
> # * https://testthat.r-lib.org/articles/special-files.html
>
> library(testthat)
> library(aebdata)
>
> test_check("aebdata")
[ FAIL 1 | WARN 0 | SKIP 0 | PASS 25 ]
══ Failed tests ════════════════════════════════════════════════════════════════
── Failure ('test-list.R:4:3'): list works ─────────────────────────────────────
list_series(theme_id = 50, theme_title = "Militares na burocracia") (`actual`) not equal to rds$militares_organizacoes (`expected`).
`attr(actual, 'row.names')[19:21]`: 19 20 21
`attr(expected, 'row.names')[19:22]`: 19 20 21 22
actual vs expected
theme_title theme_id series_title series_id
actual[6, ] Militares na burocracia 44 Evolução do número total de cargos e funções civis e militares no Executivo Federal 186
actual[7, ] Militares na burocracia 44 Militares exercendo funções civis na Administração pública federal 194
actual[8, ] Militares na burocracia 44 Origem dos militares ocupantes de cargos, por Força Armada de origem 192
actual[9, ] Militares na burocracia 44 Participação dos círculos hierárquicos entre os ocupantes de cargos 193
+ expected[10, ] Militares na burocracia 44 Proposta de Nota Técnica Diest 185
actual[10, ] Militares na burocracia 44 Total de Cargos e funções comissionadas no Executivo Civil Federal, ocupados por militares 189
actual[11, ] Militares na burocracia 44 Total, proporção ou variação acumulada de vínculos públicos, civis e militares, no nível Federal 70
actual[12, ] Organizações do Estado 50 CAP 16 Trabalhadores dos Cras e Creas, por área de formação - Brasil (2011-2017) 221
actual$theme_title | expected$theme_title
[12] "Organizações do Estado" - "Militares na burocracia" [9]
- "Militares na burocracia" [10]
- "Militares na burocracia" [11]
- "Militares na burocracia" [12]
- "Organizações do Estado" [13]
- "Organizações do Estado" [14]
- "Organizações do Estado" [15]
- "Organizações do Estado" [16]
- "Organizações do Estado" [17]
- "Organizações do Estado" [18]
... ... ... and 4 more ...
`actual$theme_id[12:15]`: 50 and 4 more...
`expected$theme_id[9:22]`: 44 44 44 44 50 50 50 50 50 50 ...
actual$series_title[7:12] vs expected$series_title[7:13]
"Evolução do número total de cargos e funções civis e militares no Executivo Federal"
"Militares exercendo funções civis na Administração pública federal"
"Origem dos militares ocupantes de cargos, por Força Armada de origem"
"Participação dos círculos hierárquicos entre os ocupantes de cargos"
+ "Proposta de Nota Técnica Diest"
"Total de Cargos e funções comissionadas no Executivo Civil Federal, ocupados por militares"
"Total, proporção ou variação acumulada de vínculos públicos, civis e militares, no nível Federal"
"CAP 16 Trabalhadores dos Cras e Creas, por área de formação - Brasil (2011-2017)"
`actual$series_id[7:12]`: 194 192 193 189 70 221
`expected$series_id[7:13]`: 194 192 193 185 189 70 221
[ FAIL 1 | WARN 0 | SKIP 0 | PASS 25 ]
Error: Test failures
Execution halted
Flavor: r-release-windows-x86_64
Version: 0.1.4
Check: tests
Result: ERROR
Running 'testthat.R' [82s]
Running the tests in 'tests/testthat.R' failed.
Complete output:
> # This file is part of the standard setup for testthat.
> # It is recommended that you do not modify it.
> #
> # Where should you do additional test configuration?
> # Learn more about the roles of various files in:
> # * https://r-pkgs.org/testing-design.html#sec-tests-files-overview
> # * https://testthat.r-lib.org/articles/special-files.html
>
> library(testthat)
> library(aebdata)
>
> test_check("aebdata")
[ FAIL 1 | WARN 0 | SKIP 0 | PASS 25 ]
══ Failed tests ════════════════════════════════════════════════════════════════
── Failure ('test-list.R:4:3'): list works ─────────────────────────────────────
list_series(theme_id = 50, theme_title = "Militares na burocracia") (`actual`) not equal to rds$militares_organizacoes (`expected`).
`attr(actual, 'row.names')[19:21]`: 19 20 21
`attr(expected, 'row.names')[19:22]`: 19 20 21 22
actual vs expected
theme_title theme_id series_title series_id
actual[6, ] Militares na burocracia 44 Evolução do número total de cargos e funções civis e militares no Executivo Federal 186
actual[7, ] Militares na burocracia 44 Militares exercendo funções civis na Administração pública federal 194
actual[8, ] Militares na burocracia 44 Origem dos militares ocupantes de cargos, por Força Armada de origem 192
actual[9, ] Militares na burocracia 44 Participação dos círculos hierárquicos entre os ocupantes de cargos 193
+ expected[10, ] Militares na burocracia 44 Proposta de Nota Técnica Diest 185
actual[10, ] Militares na burocracia 44 Total de Cargos e funções comissionadas no Executivo Civil Federal, ocupados por militares 189
actual[11, ] Militares na burocracia 44 Total, proporção ou variação acumulada de vínculos públicos, civis e militares, no nível Federal 70
actual[12, ] Organizações do Estado 50 CAP 16 Trabalhadores dos Cras e Creas, por área de formação - Brasil (2011-2017) 221
actual$theme_title | expected$theme_title
[12] "Organizações do Estado" - "Militares na burocracia" [9]
- "Militares na burocracia" [10]
- "Militares na burocracia" [11]
- "Militares na burocracia" [12]
- "Organizações do Estado" [13]
- "Organizações do Estado" [14]
- "Organizações do Estado" [15]
- "Organizações do Estado" [16]
- "Organizações do Estado" [17]
- "Organizações do Estado" [18]
... ... ... and 4 more ...
`actual$theme_id[12:15]`: 50 and 4 more...
`expected$theme_id[9:22]`: 44 44 44 44 50 50 50 50 50 50 ...
actual$series_title[7:12] vs expected$series_title[7:13]
"Evolução do número total de cargos e funções civis e militares no Executivo Federal"
"Militares exercendo funções civis na Administração pública federal"
"Origem dos militares ocupantes de cargos, por Força Armada de origem"
"Participação dos círculos hierárquicos entre os ocupantes de cargos"
+ "Proposta de Nota Técnica Diest"
"Total de Cargos e funções comissionadas no Executivo Civil Federal, ocupados por militares"
"Total, proporção ou variação acumulada de vínculos públicos, civis e militares, no nível Federal"
"CAP 16 Trabalhadores dos Cras e Creas, por área de formação - Brasil (2011-2017)"
`actual$series_id[7:12]`: 194 192 193 189 70 221
`expected$series_id[7:13]`: 194 192 193 185 189 70 221
[ FAIL 1 | WARN 0 | SKIP 0 | PASS 25 ]
Error: Test failures
Execution halted
Flavor: r-oldrel-windows-x86_64