Last updated on 2025-10-24 09:49:56 CEST.
| Flavor | Version | Tinstall | Tcheck | Ttotal | Status | Flags |
|---|---|---|---|---|---|---|
| r-devel-linux-x86_64-debian-clang | 0.1.5 | 140.96 | 171.91 | 312.87 | NOTE | |
| r-devel-linux-x86_64-debian-gcc | 0.1.5 | 92.71 | 120.34 | 213.05 | NOTE | |
| r-devel-linux-x86_64-fedora-clang | 0.1.5 | 128.00 | 423.10 | 551.10 | NOTE | |
| r-devel-linux-x86_64-fedora-gcc | 0.1.5 | 145.00 | 394.57 | 539.57 | NOTE | |
| r-devel-windows-x86_64 | 0.1.5 | 161.00 | 170.00 | 331.00 | OK | |
| r-patched-linux-x86_64 | 0.1.5 | 148.61 | 157.21 | 305.82 | OK | |
| r-release-linux-x86_64 | 0.1.5 | 146.07 | 157.50 | 303.57 | OK | |
| r-release-macos-arm64 | 0.1.5 | 51.00 | 84.00 | 135.00 | OK | |
| r-release-macos-x86_64 | 0.1.5 | 43.00 | 131.00 | 174.00 | OK | |
| r-release-windows-x86_64 | 0.1.5 | 161.00 | 167.00 | 328.00 | OK | |
| r-oldrel-macos-arm64 | 0.1.5 | 52.00 | 73.00 | 125.00 | NOTE | |
| r-oldrel-macos-x86_64 | 0.1.5 | 57.00 | 150.00 | 207.00 | NOTE | |
| r-oldrel-windows-x86_64 | 0.1.5 | 188.00 | 225.00 | 413.00 | OK |
Version: 0.1.5
Check: HTML version of manual
Result: NOTE
Found the following HTML validation problems:
orsf_ice_oob.html:518:1 (orsf_ice_oob.Rd:427): Warning: missing </ul> before </div>
predict.ObliqueForest.html:370:1 (predict.ObliqueForest.Rd:290): Warning: missing </ul> before </div>
Flavor: r-devel-linux-x86_64-debian-clang
Version: 0.1.5
Check: Rd files
Result: NOTE
checkRd: (-1) orsf.Rd:336: height/width attributes should be in pixels
Flavors: r-devel-linux-x86_64-debian-gcc, r-devel-linux-x86_64-fedora-clang, r-devel-linux-x86_64-fedora-gcc
Version: 0.1.5
Check: installed package size
Result: NOTE
installed size is 10.4Mb
sub-directories of 1Mb or more:
libs 8.9Mb
Flavors: r-oldrel-macos-arm64, r-oldrel-macos-x86_64