Last updated on 2025-10-24 09:49:56 CEST.
| Flavor | Version | Tinstall | Tcheck | Ttotal | Status | Flags |
|---|---|---|---|---|---|---|
| r-devel-linux-x86_64-debian-clang | 2.2 | 3.13 | 34.91 | 38.04 | NOTE | |
| r-devel-linux-x86_64-debian-gcc | 2.2 | 2.89 | 25.63 | 28.52 | NOTE | |
| r-devel-linux-x86_64-fedora-clang | 2.2 | 58.08 | OK | |||
| r-devel-linux-x86_64-fedora-gcc | 2.2 | 55.09 | OK | |||
| r-devel-windows-x86_64 | 2.2 | 4.00 | 55.00 | 59.00 | OK | |
| r-patched-linux-x86_64 | 2.2 | 3.39 | 33.52 | 36.91 | OK | |
| r-release-linux-x86_64 | 2.2 | 3.28 | 33.30 | 36.58 | OK | |
| r-release-macos-arm64 | 2.2 | 2.00 | 18.00 | 20.00 | OK | |
| r-release-macos-x86_64 | 2.2 | 3.00 | 35.00 | 38.00 | OK | |
| r-release-windows-x86_64 | 2.2 | 4.00 | 58.00 | 62.00 | OK | |
| r-oldrel-macos-arm64 | 2.2 | 2.00 | 27.00 | 29.00 | OK | |
| r-oldrel-macos-x86_64 | 2.2 | 2.00 | 27.00 | 29.00 | OK | |
| r-oldrel-windows-x86_64 | 2.2 | 5.00 | 63.00 | 68.00 | OK |
Version: 2.2
Check: CRAN incoming feasibility
Result: NOTE
Maintainer: ‘Nick Parsons <nick.parsons@warwick.ac.uk>’
No Authors@R field in DESCRIPTION.
Please add one, modifying
Authors@R: person(given = "Nick",
family = "Parsons",
role = c("aut", "cre"),
email = "nick.parsons@warwick.ac.uk")
as necessary.
Flavors: r-devel-linux-x86_64-debian-clang, r-devel-linux-x86_64-debian-gcc